{"id":140,"date":"2022-03-21T15:54:46","date_gmt":"2022-03-21T14:54:46","guid":{"rendered":"https:\/\/demo.vg-mauern.de\/gammelsdorf\/?page_id=140"},"modified":"2022-03-21T17:15:15","modified_gmt":"2022-03-21T16:15:15","slug":"gemeinde","status":"publish","type":"page","link":"https:\/\/vg-mauern.de\/gammelsdorf\/gemeinde\/","title":{"rendered":"Gemeinde"},"content":{"rendered":"<h1>\u00dcber die Gemeinde<\/h1>\n<ul>\n<li>\n        <a href=\"#ortsteile\">Ortsteile<\/a>\n    <\/li>\n<li>\n        <a href=\"#zahlen_daten\">Zahlen und Daten<\/a>\n    <\/li>\n<li>\n        <a href=\"#wappen\">Wappen<\/a>\n    <\/li>\n<\/ul>\n<h2>Ortsteile der Gemeinde Mauern<\/h2>\n<ul>\n<li>\n<div>\n<p>Berghof<\/p>\n<\/div>\n<\/li>\n<li>\n<div>Daberg<\/div>\n<\/li>\n<li>\n<div>Dreifaltern<\/div>\n<\/li>\n<li>\n<div>Flickendorf<\/div>\n<\/li>\n<li>\n<div>Gabelsberg<\/div>\n<\/li>\n<li>\n<div>Gelbersdorf<\/div>\n<\/li>\n<li>\n<div>Giglberg<\/div>\n<\/li>\n<li>\n<div>H\u00e4ringschwaig<\/div>\n<\/li>\n<li>\n<div>Hiendlberg<\/div>\n<\/li>\n<\/ul>\n<ul>\n<li>\n<div>Katharinazell<\/div>\n<\/li>\n<li>\n<div>Kothingried<\/div>\n<\/li>\n<li>\n<div>Kreuzholzen<\/div>\n<\/li>\n<li>\n<div>Landersdorf<\/div>\n<\/li>\n<li>\n<div>Langholzen<\/div>\n<\/li>\n<li>\n<div>Oberpriel<\/div>\n<\/li>\n<li>\n<div>Priel<\/div>\n<\/li>\n<li>\n<div>Rehbach<\/div>\n<\/li>\n<li>\n<div>Reichersdorf<\/div>\n<\/li>\n<\/ul>\n<ul>\n<li>\n<div>Reith\n<\/div>\n<\/li>\n<li>\n<div>Ro\u00dfberg\n<\/div>\n<\/li>\n<li>\n<div>Schergen\u00f6d\n<\/div>\n<\/li>\n<li>\n<div>Schlagbauer\n<\/div>\n<\/li>\n<li>\n<div>Starkhof\n<\/div>\n<\/li>\n<li>\n<div>Traich\n<\/div>\n<\/li>\n<li>\n<div>Weichsberg<\/div>\n<\/li>\n<li>\n<div>Willersdorf<\/div>\n<\/li>\n<li>\n<div>Winb\u00fcrg<\/div>\n<\/li>\n<\/ul>\n<h2>Zahlen und Daten<\/h2>\n<div>\n<p>Wir m\u00f6chten Ihnen im Folgenden einen kurzen Wegweiser durch die Gemeinde Gammelsdorf an die Hand geben.<\/p>\n<p>Die Hallertau &#8211; wie ganz Bayern steht sie f\u00fcr traditionelle, bayerische Gem\u00fctlichkeit. Eingebettet in die sanfth\u00fcgelige Landschaft der Holledau liegt die 1427 Einwohner z\u00e4hlende Gemeinde Gammelsdorf. Bekannt ist Gammelsdorf durch die Schlacht um die Herrschaft in Niederbayern und um die Vormachtstellung im damaligen Deutschen Reich, die Ludwig der Bayer im Jahre 1313 gegen seinen Vetter, Herzog Friedrich von \u00d6sterreich, in der N\u00e4he von Gammelsdorf gewann. Als Sehensw\u00fcrdigkeit beitet eine der vier Filialkirchen von Gammelsdorf &#8211; die Kirche in Gelbersdorf &#8211; einen Fl\u00fcgelaltar aus dem Jahre 1482.<\/p>\n<p>Wir w\u00fcnschen Ihnen viel Spa\u00df bei Ihrem virtuellen Spaziergang durch Gammelsdorf und hoffen, dass Sie alle gew\u00fcnschten Informationen erhalten. Sollten noch Fragen offen bleiben, z\u00f6gern Sie nicht, uns per E-Mail, Telefon oder Fax zu kontaktieren. Auch eventuelle und konstruktive Verbesserungsvorschl\u00e4ge sind stets willkommen.<\/p>\n<\/div>\n<h2>Wappen<\/h2>\n<p><img decoding=\"async\" src=\"\/gammelsdorf\/wp-content\/uploads\/sites\/5\/2022\/03\/favicon_gammelsdorf.svg\" alt=\"\"><\/p>\n<h3>Wappengeschichte<\/h3>\n<div>\n<p>Die historischen Waffen erinnern an die Schlacht bei Gammelsdorf im Jahr 1313, durch die der Ort in die bayerische Geschichte einging. Herzog Ludwig, der sp\u00e4tere Kaiser Ludwig der Bayer, besiegte Herzog Friedrich denp\u00f6nen von \u00d6sterreich im Streit um die deutsche K\u00f6nigsw\u00fcrde. Die Lanze gilt als Symbol der Ritterschaft, Armbrustbolzen und Morgenstern versinnbildlichen die entscheidende Rolle der Fu\u00dftruppen in der Schlacht. Seit 1842 erinnert ein neugotisches Denkmal an der Moosburger Stra\u00dfe an den ber\u00fchmten Waffengang, dem auch auf dem j\u00e4hrlich in Gammelsdorf stattfindenden Monarchistentreffen gedacht wird. In der Tingierung werden die bayerischen Landesfarben Silber und Blau aufgenommen.<\/p>\n<\/div>\n<hr>\n<h3>Wappendaten<\/h3>\n<div>\n<p>Wappenf\u00fchrung seit: 1965<br \/>Rechtsgrundlage: Beschluss des Gemeinderats und Zustimmung des Staatsministeriums des Innern<br \/>Beleg: Ministerialentschlie\u00dfung vom 13.12.1965<br \/>Elemente aus Familienwappen: Wittelsbacher<\/p>\n<\/div>\n<p><!--more--><br \/>\n<!-- {\"children\":[{\"type\":\"section\",\"props\":{\"style\":\"default\",\"width\":\"default\",\"vertical_align\":\"middle\",\"title_position\":\"top-left\",\"title_rotation\":\"left\",\"title_breakpoint\":\"xl\",\"image_position\":\"center-center\",\"padding\":\"small\",\"padding_remove_bottom\":true},\"children\":[{\"type\":\"row\",\"children\":[{\"type\":\"column\",\"props\":{\"position_sticky_breakpoint\":\"m\",\"image_position\":\"center-center\",\"media_overlay_gradient\":\"\",\"width_medium\":\"1-1\"},\"children\":[{\"type\":\"breadcrumbs\",\"props\":{\"show_home\":true,\"show_current\":true}}]}]}]},{\"type\":\"section\",\"props\":{\"style\":\"default\",\"width\":\"default\",\"vertical_align\":\"middle\",\"title_position\":\"top-left\",\"title_rotation\":\"left\",\"title_breakpoint\":\"xl\",\"image_position\":\"center-center\"},\"children\":[{\"type\":\"row\",\"children\":[{\"type\":\"column\",\"props\":{\"position_sticky_breakpoint\":\"m\",\"image_position\":\"center-center\",\"media_overlay_gradient\":\"\",\"width_medium\":\"1-1\"},\"children\":[{\"type\":\"headline\",\"props\":{\"title_element\":\"h1\",\"content\":\"\\u00dcber die Gemeinde\",\"title_style\":\"heading-small\"}},{\"type\":\"subnav\",\"props\":{\"subnav_style\":\"pill\"},\"children\":[{\"type\":\"subnav_item\",\"props\":{\"content\":\"Ortsteile\",\"link\":\"#ortsteile\"}},{\"type\":\"subnav_item\",\"props\":{\"content\":\"Zahlen und Daten\",\"link\":\"#zahlen_daten\"}},{\"type\":\"subnav_item\",\"props\":{\"content\":\"Wappen\",\"link\":\"#wappen\"}}]}]}]}]},{\"type\":\"section\",\"props\":{\"style\":\"default\",\"width\":\"default\",\"vertical_align\":\"middle\",\"title_position\":\"top-left\",\"title_rotation\":\"left\",\"title_breakpoint\":\"xl\",\"image_position\":\"center-center\",\"id\":\"ortsteile\"},\"children\":[{\"type\":\"row\",\"children\":[{\"type\":\"column\",\"props\":{\"position_sticky_breakpoint\":\"m\",\"image_position\":\"center-center\",\"media_overlay_gradient\":\"\",\"width_medium\":\"1-1\"},\"children\":[{\"type\":\"headline\",\"props\":{\"title_element\":\"h2\",\"content\":\"Ortsteile der Gemeinde Mauern\",\"title_color\":\"primary\"}}]}]},{\"type\":\"row\",\"props\":{\"layout\":\"1-3,1-3,1-3\"},\"children\":[{\"type\":\"column\",\"props\":{\"position_sticky_breakpoint\":\"m\",\"image_position\":\"center-center\",\"media_overlay_gradient\":\"\",\"width_medium\":\"1-3\"},\"children\":[{\"type\":\"list\",\"props\":{\"show_image\":true,\"show_link\":true,\"list_type\":\"vertical\",\"list_element\":\"ul\",\"list_horizontal_separator\":\", \",\"column_breakpoint\":\"m\",\"image_svg_color\":\"emphasis\",\"image_align\":\"left\",\"image_vertical_align\":false,\"icon_color\":\"primary\",\"icon\":\"check\",\"list_style\":\"divider\",\"column_divider\":false,\"content_style\":null,\"list_size\":\"\"},\"children\":[{\"type\":\"list_item\",\"props\":{\"content\":\"\n\n<p>Berghof<\\\/p>\"}},{\"type\":\"list_item\",\"props\":{\"content\":\"Daberg\"}},{\"type\":\"list_item\",\"props\":{\"content\":\"Dreifaltern\"}},{\"type\":\"list_item\",\"props\":{\"content\":\"Flickendorf\"}},{\"type\":\"list_item\",\"props\":{\"content\":\"Gabelsberg\"}},{\"type\":\"list_item\",\"props\":{\"content\":\"Gelbersdorf\"}},{\"type\":\"list_item\",\"props\":{\"content\":\"Giglberg\"}},{\"type\":\"list_item\",\"props\":{\"content\":\"H\\u00e4ringschwaig\"}},{\"type\":\"list_item\",\"props\":{\"content\":\"Hiendlberg\"}}]}]},{\"type\":\"column\",\"props\":{\"position_sticky_breakpoint\":\"m\",\"image_position\":\"center-center\",\"media_overlay_gradient\":\"\",\"width_medium\":\"1-3\"},\"children\":[{\"type\":\"list\",\"props\":{\"show_image\":true,\"show_link\":true,\"list_type\":\"vertical\",\"list_element\":\"ul\",\"list_horizontal_separator\":\", \",\"column_breakpoint\":\"m\",\"image_svg_color\":\"emphasis\",\"image_align\":\"left\",\"image_vertical_align\":false,\"icon_color\":\"primary\",\"icon\":\"check\",\"list_style\":\"divider\",\"column_divider\":false,\"content_style\":null,\"list_size\":\"\"},\"children\":[{\"type\":\"list_item\",\"props\":{\"content\":\"Katharinazell\"}},{\"type\":\"list_item\",\"props\":{\"content\":\"Kothingried\"}},{\"type\":\"list_item\",\"props\":{\"content\":\"Kreuzholzen\"}},{\"type\":\"list_item\",\"props\":{\"content\":\"Landersdorf\"}},{\"type\":\"list_item\",\"props\":{\"content\":\"Langholzen\"}},{\"type\":\"list_item\",\"props\":{\"content\":\"Oberpriel\"}},{\"type\":\"list_item\",\"props\":{\"content\":\"Priel\"}},{\"type\":\"list_item\",\"props\":{\"content\":\"Rehbach\"}},{\"type\":\"list_item\",\"props\":{\"content\":\"Reichersdorf\"}}]}]},{\"type\":\"column\",\"props\":{\"position_sticky_breakpoint\":\"m\",\"image_position\":\"center-center\",\"media_overlay_gradient\":\"\",\"width_medium\":\"1-3\"},\"children\":[{\"type\":\"list\",\"props\":{\"show_image\":true,\"show_link\":true,\"list_type\":\"vertical\",\"list_element\":\"ul\",\"list_horizontal_separator\":\", \",\"column_breakpoint\":\"m\",\"image_svg_color\":\"emphasis\",\"image_align\":\"left\",\"image_vertical_align\":false,\"icon_color\":\"primary\",\"icon\":\"check\",\"list_style\":\"divider\",\"column_divider\":false,\"content_style\":null,\"list_size\":\"\"},\"children\":[{\"type\":\"list_item\",\"props\":{\"content\":\"Reith\\n\"}},{\"type\":\"list_item\",\"props\":{\"content\":\"Ro\\u00dfberg\\n\"}},{\"type\":\"list_item\",\"props\":{\"content\":\"Schergen\\u00f6d\\n\"}},{\"type\":\"list_item\",\"props\":{\"content\":\"Schlagbauer\\n\"}},{\"type\":\"list_item\",\"props\":{\"content\":\"Starkhof\\n\"}},{\"type\":\"list_item\",\"props\":{\"content\":\"Traich\\n\"}},{\"type\":\"list_item\",\"props\":{\"content\":\"Weichsberg\"}},{\"type\":\"list_item\",\"props\":{\"content\":\"Willersdorf\"}},{\"type\":\"list_item\",\"props\":{\"content\":\"Winb\\u00fcrg\"}}]}]}]}],\"name\":\"Ortsteile\"},{\"type\":\"section\",\"props\":{\"style\":\"default\",\"width\":\"default\",\"vertical_align\":\"middle\",\"title_position\":\"top-left\",\"title_rotation\":\"left\",\"title_breakpoint\":\"xl\",\"image_position\":\"center-center\",\"id\":\"zahlen_daten\"},\"children\":[{\"type\":\"row\",\"children\":[{\"type\":\"column\",\"props\":{\"position_sticky_breakpoint\":\"m\",\"image_position\":\"center-center\",\"media_overlay_gradient\":\"\",\"width_medium\":\"1-1\"},\"children\":[{\"type\":\"headline\",\"props\":{\"title_element\":\"h2\",\"content\":\"Zahlen und Daten\",\"title_color\":\"primary\"}},{\"type\":\"text\",\"props\":{\"margin\":\"default\",\"column_breakpoint\":\"m\",\"content\":\"\n\n<p>Wir m\\u00f6chten Ihnen im Folgenden einen kurzen Wegweiser durch die Gemeinde Gammelsdorf an die Hand geben.<\\\/p>\\n\n\n<p>Die Hallertau - wie ganz Bayern steht sie f\\u00fcr traditionelle, bayerische Gem\\u00fctlichkeit. Eingebettet in die sanfth\\u00fcgelige Landschaft der Holledau liegt die 1427 Einwohner z\\u00e4hlende Gemeinde Gammelsdorf. Bekannt ist Gammelsdorf durch die Schlacht um die Herrschaft in Niederbayern und um die Vormachtstellung im damaligen Deutschen Reich, die Ludwig der Bayer im Jahre 1313 gegen seinen Vetter, Herzog Friedrich von \\u00d6sterreich, in der N\\u00e4he von Gammelsdorf gewann. Als Sehensw\\u00fcrdigkeit beitet eine der vier Filialkirchen von Gammelsdorf - die Kirche in Gelbersdorf - einen Fl\\u00fcgelaltar aus dem Jahre 1482.<\\\/p>\\n\n\n<p>Wir w\\u00fcnschen Ihnen viel Spa\\u00df bei Ihrem virtuellen Spaziergang durch Gammelsdorf und hoffen, dass Sie alle gew\\u00fcnschten Informationen erhalten. Sollten noch Fragen offen bleiben, z\\u00f6gern Sie nicht, uns per E-Mail, Telefon oder Fax zu kontaktieren. Auch eventuelle und konstruktive Verbesserungsvorschl\\u00e4ge sind stets willkommen.<\\\/p>\"}}]}]}],\"name\":\"Zahlen und Daten\"},{\"type\":\"section\",\"props\":{\"style\":\"default\",\"width\":\"default\",\"vertical_align\":\"middle\",\"title_position\":\"top-left\",\"title_rotation\":\"left\",\"title_breakpoint\":\"xl\",\"image_position\":\"center-center\",\"id\":\"wappen\"},\"children\":[{\"type\":\"row\",\"children\":[{\"type\":\"column\",\"props\":{\"position_sticky_breakpoint\":\"m\",\"image_position\":\"center-center\",\"media_overlay_gradient\":\"\",\"width_medium\":\"1-1\"},\"children\":[{\"type\":\"headline\",\"props\":{\"title_element\":\"h2\",\"content\":\"Wappen\",\"title_color\":\"primary\"}}]}]},{\"type\":\"row\",\"props\":{\"layout\":\"1-3,2-3\"},\"children\":[{\"type\":\"column\",\"props\":{\"position_sticky_breakpoint\":\"m\",\"image_position\":\"center-center\",\"media_overlay_gradient\":\"\",\"width_medium\":\"1-3\",\"vertical_align\":\"middle\"},\"children\":[{\"type\":\"image\",\"props\":{\"margin\":\"default\",\"image_svg_color\":\"emphasis\",\"image_width\":\"400\",\"image\":\"wp-content\\\/uploads\\\/sites\\\/5\\\/2022\\\/03\\\/favicon_gammelsdorf.svg\",\"text_align\":\"center\"}}]},{\"type\":\"column\",\"props\":{\"position_sticky_breakpoint\":\"m\",\"image_position\":\"center-center\",\"media_overlay_gradient\":\"\",\"width_medium\":\"2-3\",\"order_first\":\"m\"},\"children\":[{\"type\":\"headline\",\"props\":{\"title_element\":\"h3\",\"content\":\"Wappengeschichte\",\"title_color\":\"primary\"}},{\"type\":\"text\",\"props\":{\"margin\":\"default\",\"column_breakpoint\":\"m\",\"content\":\"\n\n<p>Die historischen Waffen erinnern an die Schlacht bei Gammelsdorf im Jahr 1313, durch die der Ort in die bayerische Geschichte einging. Herzog Ludwig, der sp\\u00e4tere Kaiser Ludwig der Bayer, besiegte Herzog Friedrich denp\\u00f6nen von \\u00d6sterreich im Streit um die deutsche K\\u00f6nigsw\\u00fcrde. Die Lanze gilt als Symbol der Ritterschaft, Armbrustbolzen und Morgenstern versinnbildlichen die entscheidende Rolle der Fu\\u00dftruppen in der Schlacht. Seit 1842 erinnert ein neugotisches Denkmal an der Moosburger Stra\\u00dfe an den ber\\u00fchmten Waffengang, dem auch auf dem j\\u00e4hrlich in Gammelsdorf stattfindenden Monarchistentreffen gedacht wird. In der Tingierung werden die bayerischen Landesfarben Silber und Blau aufgenommen.<\\\/p>\"}},{\"type\":\"divider\",\"props\":{\"divider_element\":\"hr\"}},{\"type\":\"headline\",\"props\":{\"title_element\":\"h3\",\"content\":\"Wappendaten\",\"title_color\":\"primary\"}},{\"type\":\"text\",\"props\":{\"margin\":\"default\",\"column_breakpoint\":\"m\",\"content\":\"\n\n<p>Wappenf\\u00fchrung seit: 1965<br \\\/>Rechtsgrundlage: Beschluss des Gemeinderats und Zustimmung des Staatsministeriums des Innern<br \\\/>Beleg: Ministerialentschlie\\u00dfung vom 13.12.1965<br \\\/>Elemente aus Familienwappen: Wittelsbacher<\\\/p>\"}}]}]}],\"name\":\"Wappen\"}],\"type\":\"layout\",\"version\":\"2.7.20\"} --><\/p>\n","protected":false},"excerpt":{"rendered":"<p>\u00dcber die Gemeinde Ortsteile Zahlen und Daten Wappen Ortsteile der Gemeinde Mauern Berghof Daberg Dreifaltern Flickendorf Gabelsberg Gelbersdorf Giglberg H\u00e4ringschwaig Hiendlberg Katharinazell Kothingried Kreuzholzen Landersdorf Langholzen Oberpriel Priel Rehbach Reichersdorf Reith Ro\u00dfberg Schergen\u00f6d Schlagbauer Starkhof Traich Weichsberg Willersdorf Winb\u00fcrg Zahlen und Daten Wir m\u00f6chten Ihnen im Folgenden einen kurzen Wegweiser durch die Gemeinde Gammelsdorf an [&hellip;]<\/p>\n","protected":false},"author":1,"featured_media":0,"parent":0,"menu_order":0,"comment_status":"closed","ping_status":"closed","template":"","meta":{"footnotes":""},"class_list":["post-140","page","type-page","status-publish","hentry"],"publishpress_future_action":{"enabled":false,"date":"2026-04-15 10:37:10","action":"change-status","newStatus":"draft","terms":[],"taxonomy":"","extraData":[]},"publishpress_future_workflow_manual_trigger":{"enabledWorkflows":[]},"_links":{"self":[{"href":"https:\/\/vg-mauern.de\/gammelsdorf\/wp-json\/wp\/v2\/pages\/140","targetHints":{"allow":["GET"]}}],"collection":[{"href":"https:\/\/vg-mauern.de\/gammelsdorf\/wp-json\/wp\/v2\/pages"}],"about":[{"href":"https:\/\/vg-mauern.de\/gammelsdorf\/wp-json\/wp\/v2\/types\/page"}],"author":[{"embeddable":true,"href":"https:\/\/vg-mauern.de\/gammelsdorf\/wp-json\/wp\/v2\/users\/1"}],"replies":[{"embeddable":true,"href":"https:\/\/vg-mauern.de\/gammelsdorf\/wp-json\/wp\/v2\/comments?post=140"}],"version-history":[{"count":8,"href":"https:\/\/vg-mauern.de\/gammelsdorf\/wp-json\/wp\/v2\/pages\/140\/revisions"}],"predecessor-version":[{"id":210,"href":"https:\/\/vg-mauern.de\/gammelsdorf\/wp-json\/wp\/v2\/pages\/140\/revisions\/210"}],"wp:attachment":[{"href":"https:\/\/vg-mauern.de\/gammelsdorf\/wp-json\/wp\/v2\/media?parent=140"}],"curies":[{"name":"wp","href":"https:\/\/api.w.org\/{rel}","templated":true}]}}