{"id":536,"date":"2022-03-22T16:42:20","date_gmt":"2022-03-22T15:42:20","guid":{"rendered":"https:\/\/demo.vg-mauern.de\/gammelsdorf\/?page_id=536"},"modified":"2023-02-09T11:59:53","modified_gmt":"2023-02-09T10:59:53","slug":"kirche","status":"publish","type":"page","link":"https:\/\/vg-mauern.de\/gammelsdorf\/bildung-und-kultur\/kirche\/","title":{"rendered":"Kirche"},"content":{"rendered":"<h1>Kirche<\/h1>\n<h2>Pfarreien<\/h2>\n<div>\n<p>Gammelsdorf: St. Vitus<br \/>Katharinazell: St. Katharina<br \/>Gelbersdorf: St. Georg<br \/>Priel: St. Johann Baptist<br \/>Willersdorf: St. Jakobus der \u00c4ltere<\/p>\n<\/div>\n<ul>\n<li>\n<div>\n<p>K\u00f6nigstr. 1<br \/>85408 Gammelsdorf<\/p>\n<\/div>\n<\/li>\n<li>\n<div>\n<p>Tel. 08766 268<\/p>\n<\/div>\n<\/li>\n<li>\n<div>\n<p>E-Mail: <a href=\"mailto:st-vitus.gammelsdorf@ebmuc.de\">st-vitus.gammelsdorf@ebmuc.de<\/a><\/p>\n<\/div>\n<\/li>\n<li>\n<p><a href=\"https:\/\/www.erzbistum-muenchen.de\/pfarrei\/pv-hoergertshausen\"><\/p>\n<p>Pfarrverband H\u00f6rgertshausen<br \/><a href=\"https:\/\/www.erzbistum-muenchen.de\/pfarrei\/pv-hoergertshausen\">www.erzbistum-muenchen.de\/pfarrei\/pv-hoergertshausen<\/a><\/p>\n<p><\/a><\/p>\n<\/li>\n<\/ul>\n<hr>\n<ul>\n<li>\n<\/li>\n<li>\n<\/li>\n<\/ul>\n<p><!--more--><br \/>\n<!-- {\"name\":\"kirche\",\"type\":\"layout\",\"children\":[{\"type\":\"section\",\"props\":{\"image_position\":\"center-center\",\"padding\":\"small\",\"padding_remove_bottom\":true,\"style\":\"default\",\"title_breakpoint\":\"xl\",\"title_position\":\"top-left\",\"title_rotation\":\"left\",\"vertical_align\":\"middle\",\"width\":\"default\"},\"children\":[{\"type\":\"row\",\"children\":[{\"type\":\"column\",\"props\":{\"image_position\":\"center-center\",\"media_overlay_gradient\":\"\",\"position_sticky_breakpoint\":\"m\",\"width_medium\":\"1-1\"},\"children\":[{\"type\":\"breadcrumbs\",\"props\":{\"show_current\":true,\"show_home\":true}}]}]}]},{\"type\":\"section\",\"props\":{\"image_position\":\"center-center\",\"style\":\"default\",\"title_breakpoint\":\"xl\",\"title_position\":\"top-left\",\"title_rotation\":\"left\",\"vertical_align\":\"middle\",\"width\":\"default\"},\"children\":[{\"type\":\"row\",\"children\":[{\"type\":\"column\",\"props\":{\"image_position\":\"center-center\",\"media_overlay_gradient\":\"\",\"position_sticky_breakpoint\":\"m\",\"width_medium\":\"1-1\"},\"children\":[{\"type\":\"headline\",\"props\":{\"content\":\"Kirche\",\"title_element\":\"h1\",\"title_style\":\"heading-small\"}}]}]},{\"type\":\"row\",\"children\":[{\"type\":\"column\",\"props\":{\"image_position\":\"center-center\",\"media_overlay_gradient\":\"\",\"position_sticky_breakpoint\":\"m\",\"width_medium\":\"\"},\"children\":[{\"type\":\"headline\",\"props\":{\"content\":\"Pfarreien\",\"margin_remove_top\":false,\"title_color\":\"primary\",\"title_element\":\"h2\"}},{\"type\":\"text\",\"props\":{\"column_breakpoint\":\"m\",\"content\":\"\n\n<p>Gammelsdorf: St. Vitus<br \\\/>Katharinazell: St. Katharina<br \\\/>Gelbersdorf: St. Georg<br \\\/>Priel: St. Johann Baptist<br \\\/>Willersdorf: St. Jakobus der \\u00c4ltere<\\\/p>\",\"margin\":\"default\"}},{\"type\":\"list\",\"props\":{\"column_breakpoint\":\"m\",\"icon\":\"arrow-right\",\"icon_color\":\"primary\",\"image_align\":\"left\",\"image_svg_color\":\"emphasis\",\"image_vertical_align\":false,\"list_element\":\"ul\",\"list_horizontal_separator\":\", \",\"list_size\":\"\",\"list_type\":\"vertical\",\"show_image\":true,\"show_link\":true},\"children\":[{\"type\":\"list_item\",\"props\":{\"content\":\"\n\n<p>K\\u00f6nigstr. 1<br \\\/>85408 Gammelsdorf<\\\/p>\",\"icon\":\"location\",\"link\":\"\",\"link_target\":false}},{\"type\":\"list_item\",\"props\":{\"content\":\"\n\n<p>Tel. 08766 268<\\\/p>\",\"icon\":\"receiver\",\"link\":\"\",\"link_target\":false}},{\"type\":\"list_item\",\"props\":{\"content\":\"\n\n<p>E-Mail: <a href=\\\"mailto:st-vitus.gammelsdorf@ebmuc.de\\\">st-vitus.gammelsdorf@ebmuc.de<\\\/a><\\\/p>\",\"icon\":\"mail\",\"link\":\"\",\"link_target\":false}},{\"type\":\"list_item\",\"props\":{\"content\":\"\n\n<p>Pfarrverband H\\u00f6rgertshausen<br \\\/><a href=\\\"https:\\\/\\\/www.erzbistum-muenchen.de\\\/pfarrei\\\/pv-hoergertshausen\\\">www.erzbistum-muenchen.de\\\/pfarrei\\\/pv-hoergertshausen<\\\/a><\\\/p>\",\"icon\":\"world\",\"link\":\"https:\\\/\\\/www.erzbistum-muenchen.de\\\/pfarrei\\\/pv-hoergertshausen\",\"link_target\":true}}]}]}]},{\"type\":\"row\",\"children\":[{\"type\":\"column\",\"props\":{\"image_position\":\"center-center\",\"media_overlay_gradient\":\"\",\"position_sticky_breakpoint\":\"m\"},\"children\":[{\"type\":\"divider\",\"props\":{\"divider_element\":\"hr\"}}]}]},{\"type\":\"row\",\"children\":[{\"type\":\"column\",\"props\":{\"image_position\":\"center-center\",\"media_overlay_gradient\":\"\",\"position_sticky_breakpoint\":\"m\",\"width_medium\":\"1-1\"},\"children\":[{\"type\":\"grid\",\"props\":{\"content_column_breakpoint\":\"m\",\"filter_align\":\"left\",\"filter_all\":true,\"filter_grid_breakpoint\":\"m\",\"filter_grid_width\":\"auto\",\"filter_position\":\"top\",\"filter_style\":\"tab\",\"grid_default\":\"1\",\"grid_divider\":true,\"grid_medium\":\"\",\"icon_width\":80,\"image_align\":\"top\",\"image_grid_breakpoint\":\"m\",\"image_grid_width\":\"1-2\",\"image_svg_color\":\"emphasis\",\"item_animation\":true,\"link_style\":\"secondary\",\"link_text\":\"Mehr erfahren\",\"margin\":\"default\",\"meta_align\":\"below-title\",\"meta_element\":\"div\",\"meta_style\":\"text-meta\",\"parallax_easing\":\"1\",\"show_content\":true,\"show_image\":true,\"show_link\":true,\"show_meta\":true,\"show_title\":true,\"title_align\":\"top\",\"title_color\":\"primary\",\"title_element\":\"h2\",\"title_grid_breakpoint\":\"m\",\"title_grid_width\":\"1-2\",\"title_hover_style\":\"reset\"},\"children\":[{\"type\":\"grid_item\",\"props\":{\"icon\":\"\",\"link_text\":\"\"},\"source\":{\"query\":{\"name\":\"posts.customPost\",\"arguments\":{\"terms\":[],\"category_operator\":\"IN\",\"post_tag_operator\":\"IN\",\"users\":[],\"users_operator\":\"IN\",\"offset\":0,\"order\":\"date\",\"order_direction\":\"DESC\",\"id\":566}},\"props\":{\"title\":{\"filters\":{\"search\":\"\"},\"name\":\"title\"},\"content\":{\"filters\":{\"search\":\"\",\"limit\":500},\"arguments\":{\"show_intro_text\":true},\"name\":\"content\"},\"link\":{\"filters\":{\"search\":\"\"},\"name\":\"link\"}}}},{\"type\":\"grid_item\",\"props\":{\"icon\":\"\",\"link_text\":\"\"},\"source\":{\"query\":{\"name\":\"posts.customPost\",\"arguments\":{\"terms\":[],\"category_operator\":\"IN\",\"post_tag_operator\":\"IN\",\"users\":[],\"users_operator\":\"IN\",\"offset\":0,\"order\":\"date\",\"order_direction\":\"DESC\",\"id\":568}},\"props\":{\"title\":{\"filters\":{\"search\":\"\"},\"name\":\"title\"},\"content\":{\"filters\":{\"search\":\"\",\"limit\":500},\"arguments\":{\"show_intro_text\":true},\"name\":\"content\"},\"link\":{\"filters\":{\"search\":\"\"},\"name\":\"link\"}}}}]}]}]}]}],\"version\":\"3.0.23\"} --><\/p>\n","protected":false},"excerpt":{"rendered":"<p>Kirche Pfarreien Gammelsdorf: St. VitusKatharinazell: St. KatharinaGelbersdorf: St. GeorgPriel: St. Johann BaptistWillersdorf: St. Jakobus der \u00c4ltere K\u00f6nigstr. 185408 Gammelsdorf Tel. 08766 268 E-Mail: st-vitus.gammelsdorf@ebmuc.de Pfarrverband H\u00f6rgertshausenwww.erzbistum-muenchen.de\/pfarrei\/pv-hoergertshausen<\/p>\n","protected":false},"author":1,"featured_media":0,"parent":528,"menu_order":0,"comment_status":"closed","ping_status":"closed","template":"","meta":{"footnotes":""},"class_list":["post-536","page","type-page","status-publish","hentry"],"publishpress_future_action":{"enabled":false,"date":"2026-05-21 10:45:09","action":"change-status","newStatus":"draft","terms":[],"taxonomy":"","extraData":[]},"publishpress_future_workflow_manual_trigger":{"enabledWorkflows":[]},"_links":{"self":[{"href":"https:\/\/vg-mauern.de\/gammelsdorf\/wp-json\/wp\/v2\/pages\/536","targetHints":{"allow":["GET"]}}],"collection":[{"href":"https:\/\/vg-mauern.de\/gammelsdorf\/wp-json\/wp\/v2\/pages"}],"about":[{"href":"https:\/\/vg-mauern.de\/gammelsdorf\/wp-json\/wp\/v2\/types\/page"}],"author":[{"embeddable":true,"href":"https:\/\/vg-mauern.de\/gammelsdorf\/wp-json\/wp\/v2\/users\/1"}],"replies":[{"embeddable":true,"href":"https:\/\/vg-mauern.de\/gammelsdorf\/wp-json\/wp\/v2\/comments?post=536"}],"version-history":[{"count":11,"href":"https:\/\/vg-mauern.de\/gammelsdorf\/wp-json\/wp\/v2\/pages\/536\/revisions"}],"predecessor-version":[{"id":1310,"href":"https:\/\/vg-mauern.de\/gammelsdorf\/wp-json\/wp\/v2\/pages\/536\/revisions\/1310"}],"up":[{"embeddable":true,"href":"https:\/\/vg-mauern.de\/gammelsdorf\/wp-json\/wp\/v2\/pages\/528"}],"wp:attachment":[{"href":"https:\/\/vg-mauern.de\/gammelsdorf\/wp-json\/wp\/v2\/media?parent=536"}],"curies":[{"name":"wp","href":"https:\/\/api.w.org\/{rel}","templated":true}]}}