{"id":339,"date":"2022-03-21T09:51:09","date_gmt":"2022-03-21T08:51:09","guid":{"rendered":"https:\/\/demo.vg-mauern.de\/hoergertshausen\/?page_id=339"},"modified":"2026-03-23T13:17:15","modified_gmt":"2026-03-23T12:17:15","slug":"firmen-und-gastronomie","status":"publish","type":"page","link":"https:\/\/vg-mauern.de\/hoergertshausen\/freizeit-sport\/firmen-und-gastronomie\/","title":{"rendered":"Firmen und Gastronomie"},"content":{"rendered":"<h1>Firmen und Gastronomie<\/h1>\n<ul>\n<li>\n        <a href=\"#firmen\">Firmen<\/a>\n    <\/li>\n<li>\n        <a href=\"#gastronomie\">Gastronomie<\/a>\n    <\/li>\n<\/ul>\n<h2>Wichtige Informationen f\u00fcr Existenzgr\u00fcnder bei Gewerbeanmeldung<\/h2>\n<div>\n<p>Seit dem 01. Januar 2021 sind Existenzgr\u00fcnder, die in Form eines Einzelunternehmens, einer Kapitalgesellschaft\/Genossenschaft oder Personengesellschaft\/-gemeinschaft t\u00e4tig werden, gesetzlich verpflichtet, den Fragebogen zur steuerlichen Erfassung elektronisch an das Finanzamt zu \u00fcbermitteln. Hierzu k\u00f6nnen sie sich kostenlos vor Aufnahme Ihrer unternehmerischen T\u00e4tigkeit im Dienstleistungsportal der Steuerverwaltung &#8222;ELSTER &#8211; Ihr Online-Finanzamt&#8220; registrieren. Nach Abschluss des Registrierungsvorgangs besteht die M\u00f6glichkeit unter <a href=\"http:\/\/www.elster.de\">www.elster.de<\/a> in der Rubrik &#8222;Formulare &amp; Leistungen &gt; Alle Formulare&#8220; den &#8222;Fragebogen zur steuerlichen Erfassung&#8220; auszuf\u00fcllen und elektronisch an das Finanzamt zu \u00fcbermitteln. Das Verfahren zur Erteilung einer Steuernummer wird durch diese effiziente \u00dcbermittlungsm\u00f6glichkeit beschleunigt.<\/p>\n<p>Weitere n\u00fctzliche und wichtige Informationen finden sie unter:<br \/><a href=\"https:\/\/www.lfst.bayern.de\/steuerinfos\/zielgruppen\/existenzgruender\">https:\/\/www.lfst.bayern.de\/steuerinfos\/zielgruppen\/existenzgruender<\/a><\/p>\n<\/div>\n<h2>Firmen<\/h2>\n<ul>\n<li>\n<h4>Beate Huber \u2013 Mein Wohlf\u00fchlraum<\/h4>\n<div>\n<p>J\u00e4gerstrasse 13<br \/>85413 H\u00f6rgertshausen<\/p>\n<p>Tel. 0157 74064878<br \/>E-Mail: <a href=\"mailto:info@mein-wohlfuehlraum.de\">info@mein-wohlfuehlraum.de<\/a><br \/><a href=\"https:\/\/www.mein-wohlfuehlraum.de\/\" target=\"_blanke\">www.mein-wohlfuehlraum.de<\/a><\/p>\n<\/div>\n<\/li>\n<li>\n<h4>Birgit Lackermayr \u2013 Praxis f\u00fcr Entspannung, Wellness &#038; Pr\u00e4vention <\/h4>\n<div>\n<p>Waldstra\u00dfe 13<br \/>85413 H\u00f6rgertshausen<\/p>\n<p>Tel. 0179 7992197<br \/>E-Mail: <a href=\"mailto:birgit.lackermayr@t-online.de\">birgit.lackermayr@t-online.de<\/a><br \/><a href=\"https:\/\/www.unternehmen-frau.de\/\" target=\"_blanke\">www.unternehmen-frau.de<\/a><\/p>\n<\/div>\n<\/li>\n<li>\n<h4>Catering Metzgerei Lutz<\/h4>\n<div>\n<p>Moosburger Stra\u00dfe 16<br \/>85413 H\u00f6rgertshausen<\/p>\n<p>Tel.: 0151 61251411<br \/>E-Mail: <a href=\"mailto:metzgerei-lutz@web.de\">metzgerei-lutz@web.de<\/a><\/p>\n<\/p>\n<\/div>\n<\/li>\n<li>\n<h4>Elektro-Gra\u00dfl GmbH<\/h4>\n<div>\n<p>Fokkerstra\u00dfe 2<br \/>85399 Hallbergmoos<\/p>\n<p>Tel. 0811 998270<br \/>E-Mail: <a href=\"mailto:info@elektro-grassl.de\">info@elektro-grassl.de<\/a><br \/><a href=\"https:\/\/www.elektro-grassl.de\/\" target=\"_blanke\">www.elektro-grassl.de<\/a><\/p>\n<\/div>\n<\/li>\n<li>\n<h4>Fischer \u2013 Christb\u00e4ume<\/h4>\n<div>\n<p>Ammersberg 2<br \/>85413 H\u00f6rgertshausen<\/p>\n<p>Tel. 08756 969774<br \/>E-Mail: <a href=\"mailto:info@christbaum-fischer.com\">info@christbaum-fischer.com<\/a><br \/><a href=\"https:\/\/www.christbaum-fischer.com\/\" target=\"_blanke\">www.christbaum-fischer.com<\/a><\/p>\n<\/div>\n<\/li>\n<li>\n<h4>Fotodesign M\u00e4rzinger<\/h4>\n<div>\n<p>St. Alban 15 A<br \/>85413 H\u00f6rgertshausen<\/p>\n<p>Tel. 08756 369 1231<br \/>E-Mail: <a href=\"mailto:info@maerzinger.de\">info@maerzinger.de<\/a><br \/><a href=\"https:\/\/www.maerzinger.de\" target=\"_blanke\">www.maerzinger.de<\/a><\/p>\n<\/div>\n<\/li>\n<li>\n<h4>Fry Wilhelm<\/h4>\n<div>\n<p>Kirchenstr. 3<br \/>85413 H\u00f6rgertshausen<\/p>\n<p>Tel. 08764 294<\/p>\n<\/div>\n<\/li>\n<li>\n<h4>Gudrun K\u00fchner \u2013 Heilpraxis<\/h4>\n<div>\n<p>Eichenstra\u00dfe 4<br \/>85413 H\u00f6rgertshausen<\/p>\n<p>Tel. 08764 949284<br \/>E-Mail: <a href=\"mailto:info@gudrunkuehner.de\">info@gudrunkuehner.de<\/a><br \/><a href=\"https:\/\/www.gudrunkuehner.de\" target=\"_blanke\">www.gudrunkuehner.de<\/a><\/p>\n<\/div>\n<\/li>\n<li>\n<h4>H2O &#8211; Check Trinkwasserbeprobung<\/h4>\n<div>\n<p>Kooperationspartner Bayern\/Baden-W\u00fcrttemberg<br \/>St. Alban 15 A<br \/>85413 H\u00f6rgertshausen<\/p>\n<p>Tel. 08756 369 1231<br \/>E-Mail: <a href=\"mailto:Roman.Maerzinger@H2O-CHECK.de\">Roman.Maerzinger@H2O-CHECK.de<\/a><br \/><a href=\"https:\/\/www.h20-check.de\/\">www.h2O-check.de<\/a><\/p>\n<\/div>\n<\/li>\n<li>\n<h4>Gutwirt Werner \u2013 Innen- und Au\u00dfenputz GmbH<\/h4>\n<div>\n<p>Birkenstr. 7<br \/>85413 H\u00f6rgertshausen<\/p>\n<p>Tel. 08764 312<\/p>\n<\/div>\n<\/li>\n<li>\n<h4>Jagdschule Schranner GmbH<\/h4>\n<div>\n<p>Kirchenstra\u00dfe 1<br \/>85413 H\u00f6rgertshausen<\/p>\n<p>Tel. 0151 14098078<br \/>E-Mail: <a href=\"mailto:info@js-schranner.de\">info@js-schranner.de<\/a><br \/><a href=\"https:\/\/jagdschuleschranner.wordpress.com\/\" target=\"_blanke\">www.jadgschule-schranner.de<\/a><\/p>\n<\/div>\n<\/li>\n<li>\n<h4>Mantrailingausbildung &#8211; Primetime f\u00fcr Hunde<\/h4>\n<div>\n<p>St. Alban 15 A<br \/>85413 H\u00f6rgertshausen<\/p>\n<p>Tel. 08756 369 1231<br \/>E-Mail: <a href=\"mailto:info@maerzinger.de\">info@maerzinger.de<\/a><br \/><a href=\"https:\/\/www.mantrailingausbildung.de\/\">www.mantrailingausbildung.de<\/a><\/p>\n<\/div>\n<\/li>\n<li>\n<h4>Max Mayerhofer<\/h4>\n<div>\n<p>Weinberatung und Verkauf<br \/>J\u00e4gerstr. 20<br \/>85413 H\u00f6rgertshausen<\/p>\n<p>Tel.: 08764 920 036<br \/>Mobil: 0151 560 738 02<br \/>E-Mail: <a href=\"mailto:info@wein-max.com\">info@wein-max.com<\/a><br \/>www.<a href=\"https:\/\/wein-max.com\/\">wein-max.com<\/a><\/p>\n<\/div>\n<\/li>\n<li>\n<h4>Naturheilpraxis Ivonne Weise<\/h4>\n<div>\n<p>Bergstra\u00dfe 12<br \/>85413 H\u00f6rgertshausen<\/p>\n<p>Tel. 08764 3770507<br \/>Mobil: 0176 87790921<br \/>E-Mail: <a href=\"mailto:hp.wiedu@gmx.de\">hp.wiedu@gmx.de<\/a><br \/><a href=\"http:\/\/www.walther-mikro.de\/\" target=\"_blanke\"><\/a><\/p>\n<\/div>\n<\/li>\n<li>\n<h4>Walther GmbH<\/h4>\n<div>\n<p>Moosburger Stra\u00dfe 2<br \/>85413 H\u00f6rgertshausen<\/p>\n<p>Tel. 08764 9144<br \/>E-Mail: <a href=\"mailto:service@walther-mikro.de\">service@walther-mikro.de<\/a><br \/><a href=\"http:\/\/www.walther-mikro.de\/\" target=\"_blanke\">www.walther-mikro.de<\/a><\/p>\n<\/div>\n<\/li>\n<\/ul>\n<h2>Gastronomie<\/h2>\n<div>\n<h4>Sepp\u00b4s Treff im Soller<\/h4>\n<div>\n<p>Mainburger Stra\u00dfe 1<br \/>85413 H\u00f6rgertshausen<\/p>\n<p>Tel. 08764 8511<br \/>E-Mail: <a href=\"mailto:sepps.treff@t-online.de\">sepps.treff@t-online.de<\/a><br \/><a href=\"https:\/\/sepps-treff.de\">https:\/\/sepps-treff.de<\/a><\/p>\n<\/div>\n<\/div>\n<p><!--more--><br \/>\n<!-- {\"name\":\"gastromomie\",\"type\":\"layout\",\"children\":[{\"type\":\"section\",\"props\":{\"image_position\":\"center-center\",\"padding\":\"small\",\"padding_remove_bottom\":true,\"style\":\"default\",\"title_breakpoint\":\"xl\",\"title_position\":\"top-left\",\"title_rotation\":\"left\",\"vertical_align\":\"\",\"width\":\"default\"},\"children\":[{\"type\":\"row\",\"children\":[{\"type\":\"column\",\"props\":{\"image_position\":\"center-center\",\"position_sticky_breakpoint\":\"m\"},\"children\":[{\"type\":\"breadcrumbs\",\"props\":{\"show_current\":true,\"show_home\":true}}]}]}]},{\"type\":\"section\",\"props\":{\"image_position\":\"center-center\",\"style\":\"default\",\"title_breakpoint\":\"xl\",\"title_position\":\"top-left\",\"title_rotation\":\"left\",\"vertical_align\":\"\",\"width\":\"default\"},\"children\":[{\"type\":\"row\",\"children\":[{\"type\":\"column\",\"props\":{\"image_position\":\"center-center\",\"position_sticky_breakpoint\":\"m\"},\"children\":[{\"type\":\"headline\",\"props\":{\"content\":\"Firmen und Gastronomie\",\"title_element\":\"h1\",\"title_style\":\"heading-small\"}},{\"type\":\"subnav\",\"props\":{\"subnav_style\":\"pill\"},\"children\":[{\"type\":\"subnav_item\",\"props\":{\"content\":\"Firmen\",\"link\":\"#firmen\"}},{\"type\":\"subnav_item\",\"props\":{\"content\":\"Gastronomie\",\"link\":\"#gastronomie\"}}]}]}]}]},{\"type\":\"section\",\"props\":{\"id\":\"firmen\",\"image_position\":\"center-center\",\"padding_remove_top\":true,\"style\":\"default\",\"title_breakpoint\":\"xl\",\"title_position\":\"top-left\",\"title_rotation\":\"left\",\"vertical_align\":\"\",\"width\":\"default\"},\"children\":[{\"type\":\"row\",\"children\":[{\"type\":\"column\",\"props\":{\"image_position\":\"center-center\",\"position_sticky_breakpoint\":\"m\"},\"children\":[{\"type\":\"headline\",\"props\":{\"content\":\"Wichtige Informationen f\\u00fcr Existenzgr\\u00fcnder bei Gewerbeanmeldung\",\"title_color\":\"primary\",\"title_element\":\"h2\"}},{\"type\":\"text\",\"props\":{\"column_breakpoint\":\"m\",\"content\":\"\n\n<p>Seit dem 01. Januar 2021 sind Existenzgr\\u00fcnder, die in Form eines Einzelunternehmens, einer Kapitalgesellschaft\\\/Genossenschaft oder Personengesellschaft\\\/-gemeinschaft t\\u00e4tig werden, gesetzlich verpflichtet, den Fragebogen zur steuerlichen Erfassung elektronisch an das Finanzamt zu \\u00fcbermitteln. Hierzu k\\u00f6nnen sie sich kostenlos vor Aufnahme Ihrer unternehmerischen T\\u00e4tigkeit im Dienstleistungsportal der Steuerverwaltung \\\"ELSTER - Ihr Online-Finanzamt\\\" registrieren. Nach Abschluss des Registrierungsvorgangs besteht die M\\u00f6glichkeit unter <a href=\\\"http:\\\/\\\/www.elster.de\\\">www.elster.de<\\\/a> in der Rubrik \\\"Formulare &amp; Leistungen &gt; Alle Formulare\\\" den \\\"Fragebogen zur steuerlichen Erfassung\\\" auszuf\\u00fcllen und elektronisch an das Finanzamt zu \\u00fcbermitteln. Das Verfahren zur Erteilung einer Steuernummer wird durch diese effiziente \\u00dcbermittlungsm\\u00f6glichkeit beschleunigt.<\\\/p>\\n\n\n<p>Weitere n\\u00fctzliche und wichtige Informationen finden sie unter:<br \\\/><a href=\\\"https:\\\/\\\/www.lfst.bayern.de\\\/steuerinfos\\\/zielgruppen\\\/existenzgruender\\\">https:\\\/\\\/www.lfst.bayern.de\\\/steuerinfos\\\/zielgruppen\\\/existenzgruender<\\\/a><\\\/p>\",\"margin\":\"default\"}},{\"type\":\"headline\",\"props\":{\"content\":\"Firmen\",\"title_color\":\"primary\",\"title_element\":\"h2\"}}]}]},{\"type\":\"row\",\"children\":[{\"type\":\"column\",\"props\":{\"image_position\":\"center-center\",\"position_sticky_breakpoint\":\"m\"},\"children\":[{\"type\":\"grid\",\"props\":{\"content_column_breakpoint\":\"m\",\"filter\":true,\"filter_align\":\"left\",\"filter_all\":true,\"filter_all_label\":\"Alle\",\"filter_grid_breakpoint\":\"m\",\"filter_grid_width\":\"auto\",\"filter_position\":\"top\",\"filter_style\":\"subnav-pill\",\"grid_default\":\"1\",\"grid_divider\":true,\"grid_medium\":\"3\",\"icon_width\":80,\"image_align\":\"top\",\"image_grid_breakpoint\":\"m\",\"image_grid_width\":\"1-2\",\"image_svg_color\":\"emphasis\",\"item_animation\":true,\"link_style\":\"default\",\"link_text\":\"Read more\",\"margin\":\"default\",\"meta_align\":\"below-title\",\"meta_element\":\"div\",\"meta_style\":\"text-meta\",\"parallax_easing\":\"1\",\"show_content\":true,\"show_image\":true,\"show_link\":true,\"show_meta\":true,\"show_title\":true,\"title_align\":\"top\",\"title_element\":\"h4\",\"title_grid_breakpoint\":\"m\",\"title_grid_width\":\"1-2\",\"title_hover_style\":\"reset\"},\"children\":[{\"type\":\"grid_item\",\"props\":{\"content\":\"\n\n<p>J\\u00e4gerstrasse 13<br \\\/>85413 H\\u00f6rgertshausen<\\\/p>\\n\n\n<p>Tel. 0157 74064878<br \\\/>E-Mail: <a href=\\\"mailto:info@mein-wohlfuehlraum.de\\\">info@mein-wohlfuehlraum.de<\\\/a><br \\\/><a href=\\\"https:\\\/\\\/www.mein-wohlfuehlraum.de\\\/\\\" target=\\\"_blanke\\\">www.mein-wohlfuehlraum.de<\\\/a><\\\/p>\",\"tags\":\"B\",\"title\":\"Beate Huber \\u2013 Mein Wohlf\\u00fchlraum\"}},{\"type\":\"grid_item\",\"props\":{\"content\":\"\n\n<p>Waldstra\\u00dfe 13<br \\\/>85413 H\\u00f6rgertshausen<\\\/p>\\n\n\n<p>Tel. 0179 7992197<br \\\/>E-Mail: <a href=\\\"mailto:birgit.lackermayr@t-online.de\\\">birgit.lackermayr@t-online.de<\\\/a><br \\\/><a href=\\\"https:\\\/\\\/www.unternehmen-frau.de\\\/\\\" target=\\\"_blanke\\\">www.unternehmen-frau.de<\\\/a><\\\/p>\",\"tags\":\"B\",\"title\":\"Birgit Lackermayr \\u2013 Praxis f\\u00fcr Entspannung, Wellness & Pr\\u00e4vention \"}},{\"type\":\"grid_item\",\"props\":{\"content\":\"\n\n<p>Moosburger Stra\\u00dfe 16<br \\\/>85413 H\\u00f6rgertshausen<\\\/p>\\n\n\n<p>Tel.: 0151 61251411<br \\\/>E-Mail: <a href=\\\"mailto:metzgerei-lutz@web.de\\\">metzgerei-lutz@web.de<\\\/a><\\\/p>\\n\n\n<p><\\\/p>\",\"tags\":\"E\",\"title\":\"Catering Metzgerei Lutz\"}},{\"type\":\"grid_item\",\"props\":{\"content\":\"\n\n<p>Fokkerstra\\u00dfe 2<br \\\/>85399 Hallbergmoos<\\\/p>\\n\n\n<p>Tel. 0811 998270<br \\\/>E-Mail: <a href=\\\"mailto:info@elektro-grassl.de\\\">info@elektro-grassl.de<\\\/a><br \\\/><a href=\\\"https:\\\/\\\/www.elektro-grassl.de\\\/\\\" target=\\\"_blanke\\\">www.elektro-grassl.de<\\\/a><\\\/p>\",\"tags\":\"E\",\"title\":\"Elektro-Gra\\u00dfl GmbH\"}},{\"type\":\"grid_item\",\"props\":{\"content\":\"\n\n<p>Ammersberg 2<br \\\/>85413 H\\u00f6rgertshausen<\\\/p>\\n\n\n<p>Tel. 08756 969774<br \\\/>E-Mail: <a href=\\\"mailto:info@christbaum-fischer.com\\\">info@christbaum-fischer.com<\\\/a><br \\\/><a href=\\\"https:\\\/\\\/www.christbaum-fischer.com\\\/\\\" target=\\\"_blanke\\\">www.christbaum-fischer.com<\\\/a><\\\/p>\",\"tags\":\"F\",\"title\":\"Fischer \\u2013 Christb\\u00e4ume\"}},{\"type\":\"grid_item\",\"props\":{\"content\":\"\n\n<p>St. Alban 15 A<br \\\/>85413 H\\u00f6rgertshausen<\\\/p>\\n\n\n<p>Tel. 08756 369 1231<br \\\/>E-Mail: <a href=\\\"mailto:info@maerzinger.de\\\">info@maerzinger.de<\\\/a><br \\\/><a href=\\\"https:\\\/\\\/www.maerzinger.de\\\" target=\\\"_blanke\\\">www.maerzinger.de<\\\/a><\\\/p>\",\"tags\":\"F\",\"title\":\"Fotodesign M\\u00e4rzinger\"}},{\"type\":\"grid_item\",\"props\":{\"content\":\"\n\n<p>Kirchenstr. 3<br \\\/>85413 H\\u00f6rgertshausen<\\\/p>\\n\n\n<p>Tel. 08764 294<\\\/p>\",\"tags\":\"F\",\"title\":\"Fry Wilhelm\"}},{\"type\":\"grid_item\",\"props\":{\"content\":\"\n\n<p>Eichenstra\\u00dfe 4<br \\\/>85413 H\\u00f6rgertshausen<\\\/p>\\n\n\n<p>Tel. 08764 949284<br \\\/>E-Mail: <a href=\\\"mailto:info@gudrunkuehner.de\\\">info@gudrunkuehner.de<\\\/a><br \\\/><a href=\\\"https:\\\/\\\/www.gudrunkuehner.de\\\" target=\\\"_blanke\\\">www.gudrunkuehner.de<\\\/a><\\\/p>\",\"tags\":\"G\",\"title\":\"Gudrun K\\u00fchner \\u2013 Heilpraxis\"}},{\"type\":\"grid_item\",\"props\":{\"content\":\"\n\n<p>Kooperationspartner Bayern\\\/Baden-W\\u00fcrttemberg<br \\\/>St. Alban 15 A<br \\\/>85413 H\\u00f6rgertshausen<\\\/p>\\n\n\n<p>Tel. 08756 369 1231<br \\\/>E-Mail: <a href=\\\"mailto:Roman.Maerzinger@H2O-CHECK.de\\\">Roman.Maerzinger@H2O-CHECK.de<\\\/a><br \\\/><a href=\\\"https:\\\/\\\/www.h20-check.de\\\/\\\">www.h2O-check.de<\\\/a><\\\/p>\",\"title\":\"H2O - Check Trinkwasserbeprobung\"}},{\"type\":\"grid_item\",\"props\":{\"content\":\"\n\n<p>Birkenstr. 7<br \\\/>85413 H\\u00f6rgertshausen<\\\/p>\\n\n\n<p>Tel. 08764 312<\\\/p>\",\"tags\":\"G\",\"title\":\"Gutwirt Werner \\u2013 Innen- und Au\\u00dfenputz GmbH\"}},{\"type\":\"grid_item\",\"props\":{\"content\":\"\n\n<p>Kirchenstra\\u00dfe 1<br \\\/>85413 H\\u00f6rgertshausen<\\\/p>\\n\n\n<p>Tel. 0151 14098078<br \\\/>E-Mail: <a href=\\\"mailto:info@js-schranner.de\\\">info@js-schranner.de<\\\/a><br \\\/><a href=\\\"https:\\\/\\\/jagdschuleschranner.wordpress.com\\\/\\\" target=\\\"_blanke\\\">www.jadgschule-schranner.de<\\\/a><\\\/p>\",\"tags\":\"J\",\"title\":\"Jagdschule Schranner GmbH\"}},{\"type\":\"grid_item\",\"props\":{\"content\":\"\n\n<p>St. Alban 15 A<br \\\/>85413 H\\u00f6rgertshausen<\\\/p>\\n\n\n<p>Tel. 08756 369 1231<br \\\/>E-Mail: <a href=\\\"mailto:info@maerzinger.de\\\">info@maerzinger.de<\\\/a><br \\\/><a href=\\\"https:\\\/\\\/www.mantrailingausbildung.de\\\/\\\">www.mantrailingausbildung.de<\\\/a><\\\/p>\",\"title\":\"Mantrailingausbildung - Primetime f\\u00fcr Hunde\"}},{\"type\":\"grid_item\",\"props\":{\"content\":\"\n\n<p>Weinberatung und Verkauf<br \\\/>J\\u00e4gerstr. 20<br \\\/>85413 H\\u00f6rgertshausen<\\\/p>\\n\n\n<p>Tel.: 08764 920 036<br \\\/>Mobil: 0151 560 738 02<br \\\/>E-Mail: <a href=\\\"mailto:info@wein-max.com\\\">info@wein-max.com<\\\/a><br \\\/>www.<a href=\\\"https:\\\/\\\/wein-max.com\\\/\\\">wein-max.com<\\\/a><\\\/p>\",\"tags\":\"M\",\"title\":\"Max Mayerhofer\"}},{\"type\":\"grid_item\",\"props\":{\"content\":\"\n\n<p>Bergstra\\u00dfe 12<br \\\/>85413 H\\u00f6rgertshausen<\\\/p>\\n\n\n<p>Tel. 08764 3770507<br \\\/>Mobil: 0176 87790921<br \\\/>E-Mail: <a href=\\\"mailto:hp.wiedu@gmx.de\\\">hp.wiedu@gmx.de<\\\/a><br \\\/><a href=\\\"http:\\\/\\\/www.walther-mikro.de\\\/\\\" target=\\\"_blanke\\\"><\\\/a><\\\/p>\",\"tags\":\"W\",\"title\":\"Naturheilpraxis Ivonne Weise\"}},{\"type\":\"grid_item\",\"props\":{\"content\":\"\n\n<p>Moosburger Stra\\u00dfe 2<br \\\/>85413 H\\u00f6rgertshausen<\\\/p>\\n\n\n<p>Tel. 08764 9144<br \\\/>E-Mail: <a href=\\\"mailto:service@walther-mikro.de\\\">service@walther-mikro.de<\\\/a><br \\\/><a href=\\\"http:\\\/\\\/www.walther-mikro.de\\\/\\\" target=\\\"_blanke\\\">www.walther-mikro.de<\\\/a><\\\/p>\",\"tags\":\"W\",\"title\":\"Walther GmbH\"}}],\"name\":\"Firmen\"}]}]}],\"name\":\"Firmen\"},{\"type\":\"section\",\"props\":{\"id\":\"gastronomie\",\"image_position\":\"center-center\",\"padding_remove_top\":false,\"style\":\"default\",\"title_breakpoint\":\"xl\",\"title_position\":\"top-left\",\"title_rotation\":\"left\",\"vertical_align\":\"\",\"width\":\"default\"},\"children\":[{\"type\":\"row\",\"children\":[{\"type\":\"column\",\"props\":{\"image_position\":\"center-center\",\"position_sticky_breakpoint\":\"m\"},\"children\":[{\"type\":\"headline\",\"props\":{\"content\":\"Gastronomie\",\"title_color\":\"primary\",\"title_element\":\"h2\"}}]}]},{\"type\":\"row\",\"children\":[{\"type\":\"column\",\"props\":{\"image_position\":\"center-center\",\"position_sticky_breakpoint\":\"m\"},\"children\":[{\"type\":\"grid\",\"props\":{\"content_column_breakpoint\":\"m\",\"filter\":false,\"filter_align\":\"left\",\"filter_all\":true,\"filter_all_label\":\"Alle\",\"filter_grid_breakpoint\":\"m\",\"filter_grid_width\":\"auto\",\"filter_position\":\"top\",\"filter_style\":\"subnav-pill\",\"grid_default\":\"1\",\"grid_divider\":true,\"grid_medium\":\"3\",\"icon_width\":80,\"image_align\":\"top\",\"image_grid_breakpoint\":\"m\",\"image_grid_width\":\"1-2\",\"image_svg_color\":\"emphasis\",\"item_animation\":true,\"link_style\":\"default\",\"link_text\":\"Read more\",\"margin\":\"default\",\"meta_align\":\"below-title\",\"meta_element\":\"div\",\"meta_style\":\"text-meta\",\"parallax_easing\":\"1\",\"show_content\":true,\"show_image\":true,\"show_link\":true,\"show_meta\":true,\"show_title\":true,\"title_align\":\"top\",\"title_element\":\"h4\",\"title_grid_breakpoint\":\"m\",\"title_grid_width\":\"1-2\",\"title_hover_style\":\"reset\"},\"name\":\"Firmen\",\"children\":[{\"type\":\"grid_item\",\"props\":{\"content\":\"\n\n<p>Mainburger Stra\\u00dfe 1<br \\\/>85413 H\\u00f6rgertshausen<\\\/p>\\n\n\n<p>Tel. 08764 8511<br \\\/>E-Mail: <a href=\\\"mailto:sepps.treff@t-online.de\\\">sepps.treff@t-online.de<\\\/a><br \\\/><a href=\\\"https:\\\/\\\/sepps-treff.de\\\">https:\\\/\\\/sepps-treff.de<\\\/a><\\\/p>\",\"title\":\"Sepp\\u00b4s Treff im Soller\"}}]}]}]}],\"name\":\"Gastronomie\"}],\"version\":\"4.4.16\"} --><\/p>\n","protected":false},"excerpt":{"rendered":"<p>Firmen und Gastronomie Firmen Gastronomie Wichtige Informationen f\u00fcr Existenzgr\u00fcnder bei Gewerbeanmeldung Seit dem 01. Januar 2021 sind Existenzgr\u00fcnder, die in Form eines Einzelunternehmens, einer Kapitalgesellschaft\/Genossenschaft oder Personengesellschaft\/-gemeinschaft t\u00e4tig werden, gesetzlich verpflichtet, den Fragebogen zur steuerlichen Erfassung elektronisch an das Finanzamt zu \u00fcbermitteln. Hierzu k\u00f6nnen sie sich kostenlos vor Aufnahme Ihrer unternehmerischen T\u00e4tigkeit im Dienstleistungsportal der [&hellip;]<\/p>\n","protected":false},"author":1,"featured_media":0,"parent":337,"menu_order":0,"comment_status":"closed","ping_status":"closed","template":"","meta":{"footnotes":""},"class_list":["post-339","page","type-page","status-publish","hentry"],"publishpress_future_action":{"enabled":false,"date":"2026-04-17 11:12:02","action":"change-status","newStatus":"draft","terms":[],"taxonomy":"","extraData":[]},"publishpress_future_workflow_manual_trigger":{"enabledWorkflows":[]},"_links":{"self":[{"href":"https:\/\/vg-mauern.de\/hoergertshausen\/wp-json\/wp\/v2\/pages\/339","targetHints":{"allow":["GET"]}}],"collection":[{"href":"https:\/\/vg-mauern.de\/hoergertshausen\/wp-json\/wp\/v2\/pages"}],"about":[{"href":"https:\/\/vg-mauern.de\/hoergertshausen\/wp-json\/wp\/v2\/types\/page"}],"author":[{"embeddable":true,"href":"https:\/\/vg-mauern.de\/hoergertshausen\/wp-json\/wp\/v2\/users\/1"}],"replies":[{"embeddable":true,"href":"https:\/\/vg-mauern.de\/hoergertshausen\/wp-json\/wp\/v2\/comments?post=339"}],"version-history":[{"count":10,"href":"https:\/\/vg-mauern.de\/hoergertshausen\/wp-json\/wp\/v2\/pages\/339\/revisions"}],"predecessor-version":[{"id":2720,"href":"https:\/\/vg-mauern.de\/hoergertshausen\/wp-json\/wp\/v2\/pages\/339\/revisions\/2720"}],"up":[{"embeddable":true,"href":"https:\/\/vg-mauern.de\/hoergertshausen\/wp-json\/wp\/v2\/pages\/337"}],"wp:attachment":[{"href":"https:\/\/vg-mauern.de\/hoergertshausen\/wp-json\/wp\/v2\/media?parent=339"}],"curies":[{"name":"wp","href":"https:\/\/api.w.org\/{rel}","templated":true}]}}