{"id":962,"date":"2022-12-05T09:25:07","date_gmt":"2022-12-05T08:25:07","guid":{"rendered":"https:\/\/demo.vg-mauern.de\/hoergertshausen\/?page_id=962"},"modified":"2025-12-17T11:18:22","modified_gmt":"2025-12-17T10:18:22","slug":"baugebiete","status":"publish","type":"page","link":"https:\/\/vg-mauern.de\/hoergertshausen\/bauland\/baugebiete\/","title":{"rendered":"Baugebiete"},"content":{"rendered":"<h1>Bodenrichtwerte<\/h1>\n<div>\n<p>Auskunft \u00fcber die aktuellen Bodenrichtwerte erteilt die Gesch\u00e4ftsstelle des Gutachterausschusses im Landratsamt Freising (Tel. 08161 60034400\u00a0oder per Mail: <a href=\"mailto:gutachterausschuss@kreis-fs.de\">gutachterausschuss@kreis-fs.de<\/a>).<\/p>\n<\/div>\n<h1>Bauland H\u00f6rgertshausen<\/h1>\n<div>\n<p><strong>Baugrundvergabe im Baugebiet \u201eWest\u201c<br \/><\/strong>Die Gemeinde H\u00f6rgertshausen vergibt ein Baugrundst\u00fcck im Baugebiet \u201eWest\u201c zum n\u00e4chstm\u00f6glichen Zeitpunkt. Der Kaufpreis betr\u00e4gt <strong>410,00 \u20ac\/m\u00b2<\/strong> inkl. Erschlie\u00dfungskosten.<\/p>\n<p>Alle wichtigen Informationen k\u00f6nnen Sie dem nachfolgenden \u201eInformationsblatt\u201c entnehmen, bei Fragen d\u00fcrfen Sie sich jederzeit an Frau Engl (08764-8967, <a href=\"mailto:engl@mauern-verwaltung.de\">engl@mauern-verwaltung.de<\/a>) wenden.<\/p>\n<\/p>\n<\/div>\n<ul>\n<li>\n<p><a href=\"\/hoergertshausen\/wp-content\/uploads\/sites\/4\/2024\/09\/01_Informationsblatt.pdf\">1) Informationsblatt<\/a><\/p>\n<\/li>\n<li>\n<p><a href=\"\/hoergertshausen\/wp-content\/uploads\/sites\/4\/2024\/09\/02_Bewerbungsformular.pdf\">2) Bewerbungsformular<\/a><\/p>\n<\/li>\n<li>\n<p><a href=\"\/hoergertshausen\/wp-content\/uploads\/sites\/4\/2024\/09\/03_Berechnungsbeispiel.pdf\">3) Berechnungsbeispiel<\/a><\/p>\n<\/li>\n<li>\n<p><a href=\"\/hoergertshausen\/wp-content\/uploads\/sites\/4\/2024\/09\/04_Lage-Tannenweg-7.pdf\">4) Lage Tannenweg 7<\/a><\/p>\n<\/li>\n<\/ul>\n<div>\n<p>Haben Sie Fragen zum Thema Baugrundvergabe? Falls ja, k\u00f6nnen Sie sich gerne mit Frau Engl in Verbindung setzen (Tel.: 08764\/89-67, <a href=\"mailto:engl@mauern-verwaltung.de\">engl@mauern-verwaltung.de<\/a>).<\/p>\n<\/div>\n<p><!--more--><br \/>\n<!-- {\"type\":\"layout\",\"children\":[{\"type\":\"section\",\"props\":{\"image_position\":\"center-center\",\"style\":\"default\",\"title_breakpoint\":\"xl\",\"title_position\":\"top-left\",\"title_rotation\":\"left\",\"vertical_align\":\"\",\"width\":\"default\"},\"children\":[{\"type\":\"row\",\"children\":[{\"type\":\"column\",\"props\":{\"image_position\":\"center-center\",\"position_sticky_breakpoint\":\"m\"},\"children\":[{\"type\":\"headline\",\"props\":{\"content\":\"Bodenrichtwerte\",\"title_element\":\"h1\",\"title_style\":\"heading-small\"}},{\"type\":\"text\",\"props\":{\"column_breakpoint\":\"m\",\"content\":\"\n\n<p>Auskunft \\u00fcber die aktuellen Bodenrichtwerte erteilt die Gesch\\u00e4ftsstelle des Gutachterausschusses im Landratsamt Freising (Tel. 08161 60034400\\u00a0oder per Mail: <a href=\\\"mailto:gutachterausschuss@kreis-fs.de\\\">gutachterausschuss@kreis-fs.de<\\\/a>).<\\\/p>\",\"margin\":\"default\"}},{\"type\":\"headline\",\"props\":{\"content\":\"Bauland H\\u00f6rgertshausen\",\"title_element\":\"h1\",\"title_style\":\"heading-small\"}},{\"type\":\"text\",\"props\":{\"column_breakpoint\":\"m\",\"content\":\"\n\n<p><strong>Baugrundvergabe im Baugebiet \\u201eWest\\u201c<br \\\/><\\\/strong>Die Gemeinde H\\u00f6rgertshausen vergibt ein Baugrundst\\u00fcck im Baugebiet \\u201eWest\\u201c zum n\\u00e4chstm\\u00f6glichen Zeitpunkt. Der Kaufpreis betr\\u00e4gt <strong>410,00 \\u20ac\\\/m\\u00b2<\\\/strong> inkl. Erschlie\\u00dfungskosten.<\\\/p>\\n\n\n<p>Alle wichtigen Informationen k\\u00f6nnen Sie dem nachfolgenden \\u201eInformationsblatt\\u201c entnehmen, bei Fragen d\\u00fcrfen Sie sich jederzeit an Frau Engl (08764-8967, <a href=\\\"mailto:engl@mauern-verwaltung.de\\\">engl@mauern-verwaltung.de<\\\/a>) wenden.<\\\/p>\\n\n\n<p><\\\/p>\",\"margin\":\"default\"}},{\"type\":\"list\",\"props\":{\"column_breakpoint\":\"m\",\"image_align\":\"left\",\"image_svg_color\":\"emphasis\",\"image_vertical_align\":true,\"list_element\":\"ul\",\"list_horizontal_separator\":\", \",\"list_type\":\"vertical\",\"show_image\":true,\"show_link\":true},\"children\":[{\"type\":\"list_item\",\"props\":{\"content\":\"1) Informationsblatt\",\"link\":\"wp-content\\\/uploads\\\/sites\\\/4\\\/2024\\\/09\\\/01_Informationsblatt.pdf\",\"link_target\":true}},{\"type\":\"list_item\",\"props\":{\"content\":\"2) Bewerbungsformular\",\"link\":\"wp-content\\\/uploads\\\/sites\\\/4\\\/2024\\\/09\\\/02_Bewerbungsformular.pdf\",\"link_target\":true}},{\"type\":\"list_item\",\"props\":{\"content\":\"3) Berechnungsbeispiel\",\"link\":\"wp-content\\\/uploads\\\/sites\\\/4\\\/2024\\\/09\\\/03_Berechnungsbeispiel.pdf\",\"link_target\":true}},{\"type\":\"list_item\",\"props\":{\"content\":\"4) Lage Tannenweg 7\",\"link\":\"wp-content\\\/uploads\\\/sites\\\/4\\\/2024\\\/09\\\/04_Lage-Tannenweg-7.pdf\",\"link_target\":true}}]}]}]},{\"type\":\"row\",\"children\":[{\"type\":\"column\",\"props\":{\"image_position\":\"center-center\",\"position_sticky_breakpoint\":\"m\"},\"children\":[{\"type\":\"text\",\"props\":{\"column_breakpoint\":\"m\",\"content\":\"\n\n<p>Haben Sie Fragen zum Thema Baugrundvergabe? Falls ja, k\\u00f6nnen Sie sich gerne mit Frau Engl in Verbindung setzen (Tel.: 08764\\\/89-67, <a href=\\\"mailto:engl@mauern-verwaltung.de\\\">engl@mauern-verwaltung.de<\\\/a>).<\\\/p>\",\"margin\":\"default\"}}]}]}],\"name\":\"Baugebiete_hoergertshausen\"}],\"version\":\"4.4.16\"} --><\/p>\n","protected":false},"excerpt":{"rendered":"<p>Bodenrichtwerte Auskunft \u00fcber die aktuellen Bodenrichtwerte erteilt die Gesch\u00e4ftsstelle des Gutachterausschusses im Landratsamt Freising (Tel. 08161 60034400\u00a0oder per Mail: gutachterausschuss@kreis-fs.de). Bauland H\u00f6rgertshausen Baugrundvergabe im Baugebiet \u201eWest\u201cDie Gemeinde H\u00f6rgertshausen vergibt ein Baugrundst\u00fcck im Baugebiet \u201eWest\u201c zum n\u00e4chstm\u00f6glichen Zeitpunkt. Der Kaufpreis betr\u00e4gt 410,00 \u20ac\/m\u00b2 inkl. Erschlie\u00dfungskosten. Alle wichtigen Informationen k\u00f6nnen Sie dem nachfolgenden \u201eInformationsblatt\u201c entnehmen, bei Fragen [&hellip;]<\/p>\n","protected":false},"author":1,"featured_media":0,"parent":84,"menu_order":0,"comment_status":"closed","ping_status":"closed","template":"","meta":{"footnotes":""},"class_list":["post-962","page","type-page","status-publish","hentry"],"publishpress_future_action":{"enabled":false,"date":"2026-04-21 14:13:38","action":"change-status","newStatus":"draft","terms":[],"taxonomy":"","extraData":[]},"publishpress_future_workflow_manual_trigger":{"enabledWorkflows":[]},"_links":{"self":[{"href":"https:\/\/vg-mauern.de\/hoergertshausen\/wp-json\/wp\/v2\/pages\/962","targetHints":{"allow":["GET"]}}],"collection":[{"href":"https:\/\/vg-mauern.de\/hoergertshausen\/wp-json\/wp\/v2\/pages"}],"about":[{"href":"https:\/\/vg-mauern.de\/hoergertshausen\/wp-json\/wp\/v2\/types\/page"}],"author":[{"embeddable":true,"href":"https:\/\/vg-mauern.de\/hoergertshausen\/wp-json\/wp\/v2\/users\/1"}],"replies":[{"embeddable":true,"href":"https:\/\/vg-mauern.de\/hoergertshausen\/wp-json\/wp\/v2\/comments?post=962"}],"version-history":[{"count":10,"href":"https:\/\/vg-mauern.de\/hoergertshausen\/wp-json\/wp\/v2\/pages\/962\/revisions"}],"predecessor-version":[{"id":2609,"href":"https:\/\/vg-mauern.de\/hoergertshausen\/wp-json\/wp\/v2\/pages\/962\/revisions\/2609"}],"up":[{"embeddable":true,"href":"https:\/\/vg-mauern.de\/hoergertshausen\/wp-json\/wp\/v2\/pages\/84"}],"wp:attachment":[{"href":"https:\/\/vg-mauern.de\/hoergertshausen\/wp-json\/wp\/v2\/media?parent=962"}],"curies":[{"name":"wp","href":"https:\/\/api.w.org\/{rel}","templated":true}]}}