{"id":1535,"date":"2022-12-05T09:21:23","date_gmt":"2022-12-05T08:21:23","guid":{"rendered":"https:\/\/demo.vg-mauern.de\/mauern\/?page_id=1535"},"modified":"2025-08-18T11:12:08","modified_gmt":"2025-08-18T09:12:08","slug":"gewerbeflaechen","status":"publish","type":"page","link":"https:\/\/vg-mauern.de\/mauern\/bauland\/gewerbeflaechen\/","title":{"rendered":"Gewerbefl\u00e4chen"},"content":{"rendered":"<h1>Gewerbefl\u00e4chen Mauern<\/h1>\n<div>\n<p>Die Gemeinde Mauern plant derzeit ein neues Gewerbegebiet an der Staatsstra\u00dfe 2085 am n\u00f6rdlichen Ortsende von Mauern. Momentan f\u00fchrt die Gemeinde eine Ausschreibung durch, um ein geeignetes Planungsb\u00fcro f\u00fcr die st\u00e4dtebauliche Planung beauftragen zu k\u00f6nnen.<\/p>\n<\/div>\n<p>\n    <a href=\"\/mauern\/wp-content\/uploads\/sites\/2\/2025\/08\/Gemeindeentwicklungsplan-Mauern.pdf\">Den Gemeindeentwicklungsplan finden Sie hier<\/a>\n<\/p>\n<div>\n<p>Haben Sie Fragen zum Thema Verkauf von Gewerbefl\u00e4chen? Falls ja, k\u00f6nnen Sie sich gerne mit Frau Engl (Tel.: 08764\/89-67, <a href=\"mailto:engl@mauern-verwaltung.de\">engl@mauern-verwaltung.de<\/a>) oder Herrn B\u00fcrgermeister Krojer <a href=\"\/mauern\/krojer@mauern-verwaltung.de\">(krojer@mauern-verwaltung.de)<\/a> in Verbindung setzen.<\/p>\n<\/div>\n<p><!--more--><br \/>\n<!-- {\"type\":\"layout\",\"children\":[{\"type\":\"section\",\"props\":{\"id\":\"gewerbegebiet\",\"image_position\":\"center-center\",\"style\":\"default\",\"title_breakpoint\":\"xl\",\"title_position\":\"top-left\",\"title_rotation\":\"left\",\"vertical_align\":\"\",\"width\":\"default\"},\"children\":[{\"type\":\"row\",\"children\":[{\"type\":\"column\",\"props\":{\"image_position\":\"center-center\",\"position_sticky_breakpoint\":\"m\"},\"children\":[{\"type\":\"headline\",\"props\":{\"content\":\"Gewerbefl\\u00e4chen Mauern\",\"title_color\":\"primary\",\"title_element\":\"h1\",\"title_style\":\"heading-small\"}}]}]},{\"type\":\"row\",\"props\":{\"layout\":\"1-4,3-4\"},\"children\":[{\"type\":\"column\",\"props\":{\"image_position\":\"center-center\",\"position_sticky_breakpoint\":\"m\",\"width_medium\":\"1-4\"}},{\"type\":\"column\",\"props\":{\"image_position\":\"center-center\",\"order_first\":\"m\",\"position_sticky_breakpoint\":\"m\",\"width_medium\":\"3-4\"},\"children\":[{\"type\":\"text\",\"props\":{\"column_breakpoint\":\"m\",\"content\":\"\n\n<p>Die Gemeinde Mauern plant derzeit ein neues Gewerbegebiet an der Staatsstra\\u00dfe 2085 am n\\u00f6rdlichen Ortsende von Mauern. Momentan f\\u00fchrt die Gemeinde eine Ausschreibung durch, um ein geeignetes Planungsb\\u00fcro f\\u00fcr die st\\u00e4dtebauliche Planung beauftragen zu k\\u00f6nnen.<\\\/p>\",\"margin\":\"default\"}},{\"type\":\"button\",\"props\":{\"grid_column_gap\":\"small\",\"grid_row_gap\":\"small\",\"margin\":\"default\"},\"children\":[{\"type\":\"button_item\",\"props\":{\"button_style\":\"default\",\"content\":\"Den Gemeindeentwicklungsplan finden Sie hier\",\"icon_align\":\"left\",\"link\":\"wp-content\\\/uploads\\\/sites\\\/2\\\/2025\\\/08\\\/Gemeindeentwicklungsplan-Mauern.pdf\",\"link_target\":\"blank\"}}]},{\"type\":\"text\",\"props\":{\"column_breakpoint\":\"m\",\"content\":\"\n\n<p>Haben Sie Fragen zum Thema Verkauf von Gewerbefl\\u00e4chen? Falls ja, k\\u00f6nnen Sie sich gerne mit Frau Engl (Tel.: 08764\\\/89-67, <a href=\\\"mailto:engl@mauern-verwaltung.de\\\">engl@mauern-verwaltung.de<\\\/a>) oder Herrn B\\u00fcrgermeister Krojer <a href=\\\"krojer@mauern-verwaltung.de\\\">(krojer@mauern-verwaltung.de)<\\\/a> in Verbindung setzen.<\\\/p>\",\"margin\":\"default\"}}]}]}],\"name\":\"Gewerbegebiet_nicht_verf\\u00fcgbar\"}],\"version\":\"4.4.16\"} --><\/p>\n","protected":false},"excerpt":{"rendered":"<p>Gewerbefl\u00e4chen Mauern Die Gemeinde Mauern plant derzeit ein neues Gewerbegebiet an der Staatsstra\u00dfe 2085 am n\u00f6rdlichen Ortsende von Mauern. Momentan f\u00fchrt die Gemeinde eine Ausschreibung durch, um ein geeignetes Planungsb\u00fcro f\u00fcr die st\u00e4dtebauliche Planung beauftragen zu k\u00f6nnen. Den Gemeindeentwicklungsplan finden Sie hier Haben Sie Fragen zum Thema Verkauf von Gewerbefl\u00e4chen? Falls ja, k\u00f6nnen Sie sich [&hellip;]<\/p>\n","protected":false},"author":1,"featured_media":0,"parent":80,"menu_order":0,"comment_status":"closed","ping_status":"closed","template":"","meta":{"footnotes":""},"class_list":["post-1535","page","type-page","status-publish","hentry"],"publishpress_future_action":{"enabled":false,"date":"2026-04-22 23:43:21","action":"change-status","newStatus":"draft","terms":[],"taxonomy":"","extraData":[]},"publishpress_future_workflow_manual_trigger":{"enabledWorkflows":[]},"_links":{"self":[{"href":"https:\/\/vg-mauern.de\/mauern\/wp-json\/wp\/v2\/pages\/1535","targetHints":{"allow":["GET"]}}],"collection":[{"href":"https:\/\/vg-mauern.de\/mauern\/wp-json\/wp\/v2\/pages"}],"about":[{"href":"https:\/\/vg-mauern.de\/mauern\/wp-json\/wp\/v2\/types\/page"}],"author":[{"embeddable":true,"href":"https:\/\/vg-mauern.de\/mauern\/wp-json\/wp\/v2\/users\/1"}],"replies":[{"embeddable":true,"href":"https:\/\/vg-mauern.de\/mauern\/wp-json\/wp\/v2\/comments?post=1535"}],"version-history":[{"count":9,"href":"https:\/\/vg-mauern.de\/mauern\/wp-json\/wp\/v2\/pages\/1535\/revisions"}],"predecessor-version":[{"id":4012,"href":"https:\/\/vg-mauern.de\/mauern\/wp-json\/wp\/v2\/pages\/1535\/revisions\/4012"}],"up":[{"embeddable":true,"href":"https:\/\/vg-mauern.de\/mauern\/wp-json\/wp\/v2\/pages\/80"}],"wp:attachment":[{"href":"https:\/\/vg-mauern.de\/mauern\/wp-json\/wp\/v2\/media?parent=1535"}],"curies":[{"name":"wp","href":"https:\/\/api.w.org\/{rel}","templated":true}]}}