{"id":233,"date":"2022-03-09T15:12:12","date_gmt":"2022-03-09T14:12:12","guid":{"rendered":"https:\/\/demo.vg-mauern.de\/mauern\/?page_id=233"},"modified":"2026-03-03T09:11:24","modified_gmt":"2026-03-03T08:11:24","slug":"vereine","status":"publish","type":"page","link":"https:\/\/vg-mauern.de\/mauern\/freizeit-sport\/vereine\/","title":{"rendered":"Vereine"},"content":{"rendered":"<h1><a href=\"\/mauern\/wp-content\/uploads\/sites\/2\/2024\/01\/Leitfaden-fuer-Vereinsfeiern-2024.pdf\">Leitfaden f\u00fcr Vereinsfeiern<\/a><\/h1>\n<h1>GEMA-Gratisticket f\u00fcr Vereine<\/h1>\n<div>\n<p>Der Freistaat Bayern \u00fcbernimmt k\u00fcnftig die GEMA-Geb\u00fchren f\u00fcr zwei Veranstaltungen pro Verein und pro Jahr.<\/p>\n<\/div>\n<p>\n    <a href=\"\/mauern\/wp-content\/uploads\/sites\/2\/2023\/05\/GEMA-Gratisticket-fuer-Vereine.pdf\">N\u00e4heres dar\u00fcber erfahren Sie hier<\/a>\n<\/p>\n<h1>Vereine<\/h1>\n<ul>\n<li>\n<h3>Altsch\u00fctzen Mauern<\/h3>\n<div>\n<p>Am Eichenberg 16 <br \/>85419 Mauern<\/p>\n<p>Tel. 08764 8222 <br \/>E-Mail: <a href=\"mailto:webmaster@altschuetzen-mauern.de.vu\">webmaster@altschuetzen-mauern.de.vu<\/a> <a href=\"https:\/\/www.altschuetzen-mauern.de\/\" target=\"_blanke\">www.altschuetzen-mauern.de<\/a><\/p>\n<\/div>\n<\/li>\n<li>\n<h3>FFW Mauern<\/h3>\n<div>\n<p>Am Sportpark 1 <br \/>85419 Mauern<\/p>\n<p>Tel. 08764 948155\u00a0 <br \/>E-Mail:<a href=\"mailto:info@feuerwehr-mauern.de\"> info@feuerwehr-mauern.de<\/a> <br \/><a href=\"https:\/\/www.feuerwehr-mauern.de\/startseite\/\" target=\"_blanke\">www.feuerwehr-mauern.de<\/a><\/p>\n<\/div>\n<\/li>\n<li>\n<h3>Gartenbauverein Mauern e.V. <\/h3>\n<div>\n<p>Bergstra\u00dfe 1 (B\u00fcrgerhaus)<br \/>85419 Mauern<\/p>\n<p>E-Mail: <a href=\"mailto:gartenbauverein.mauern@freenet.de\">gartenbauverein.mauern@freenet.de <\/a><a href=\"http:\/\/www.gartenbauverein-mauern.de\/\" target=\"_blanke\">www.gartenbauverein-mauern.de<\/a><\/p>\n<\/div>\n<\/li>\n<li>\n<h3>Gymnastikgruppen Mauern e. V.<\/h3>\n<div>\n<p>Vorsitzende:<br \/>Kerstin Huber und Andrea Karl<br \/>Am Eichenberg 49<br \/>85419 Mauern<\/p>\n<p>Tel. 08764 948008<br \/>E-Mail: <a href=\"mailto:gymnastikgruppen-mauern@gmx.de\">gymnastikgruppen-mauern@gmx.de<\/a><\/p>\n<\/div>\n<\/li>\n<li>\n<h3>Han Kook Dojang of Self Defense e.V.<\/h3>\n<div>\n<p>1. Vorstand Daniel Vogel<br \/>Oberfeldring 19<br \/>85419 Mauern<\/p>\n<p>E-Mail: <a href=\"mailto:mail@hankook-dojang.de\">mail@hankook-dojang.de<\/a><br \/><a href=\"http:\/\/www.hankook-dojang.de\">www.hankook-dojang.de<\/a><\/p>\n<\/p>\n<\/div>\n<\/li>\n<li>\n<h3>Katholische Jugend Mauern <\/h3>\n<div>\n<p>Fabian Liebl<\/p>\n<p>Stephanie Heckerl<br \/>Schwarzersdorf 13<br \/>85419 Mauern\u00a0<br \/>E-Mail: <a href=\"mailto:stephanie.heckerl@gmx.de\">stephanie.heckerl@gmx.de<\/a><\/p>\n<\/div>\n<\/li>\n<li>\n<h3>Krieger- und Soldatenkameradschaft Mauern e.V. <\/h3>\n<div>\n<p>1. Vorstand Johann Igl<br \/>Am Eichenberg 30<br \/>85419 Mauern<\/p>\n<p>Tel. 08764 949745<br \/>E-Mail: <a href=\"mailto:Fam.Igl@web.de\">Fam.Igl@web.de<\/a><\/p>\n<\/div>\n<\/li>\n<li>\n<h3>Nachbarschaftshilfe<\/h3>\n<div>\n<p>Tel. 08764 8253<\/p>\n<\/div>\n<\/li>\n<li>\n<h3>Narrhalla<\/h3>\n<div>\n<p>Oberndorf 1 <br \/>85419 Mauern<\/p>\n<p>E-Mail: <a href=\"mailto:praesident@narrhalla-mauern.de\">praesident@narrhalla-mauern.de<\/a> <a href=\"https:\/\/narrhalla-mauern.de\/\" target=\"_blanke\">www.narrhalla-mauern.de<\/a><\/p>\n<\/div>\n<\/li>\n<li>\n<h3>Schnupper-Kindergarten<\/h3>\n<div>\n<p>Bergstra\u00dfe 1 <br \/>85419 Mauern<\/p>\n<p>Tel. 0179 4438414<\/p>\n<\/div>\n<\/li>\n<li>\n<h3>Ski-Club Mauern e.V. <\/h3>\n<div>\n<p>Bergstra\u00dfe 1 <br \/>85419 Mauern<\/p>\n<p>Tel. 08764 920601\u00a0<br \/>E-Mail: <a href=\"mailto:info@skiclub-mauern.de\">info@skiclub-mauern.de<\/a> <br \/><a href=\"https:\/\/skiclub-mauern.de\/\" target=\"_blanke\">www.skiclub-mauern.de<\/a><\/p>\n<\/div>\n<\/li>\n<li>\n<h3>SpVgg Mauern <\/h3>\n<div>\n<p>Alpersdorf 20 <br \/>85419 Mauern<\/p>\n<p>Tel. 0151 23564344 <br \/>E-Mail: <a href=\"mailto:spvggmauern@gmail.com\">spvggmauern@gmail.com<\/a><br \/><a href=\"http:\/\/www.spvgg-mauern.de\/\" target=\"_blanke\">www.spvgg-mauern.de<\/a><\/p>\n<\/div>\n<\/li>\n<li>\n<h3>TC Mauern e.V.<\/h3>\n<div>\n<p>Alpersdorf 20<br \/>85419 Mauern<\/p>\n<p>E-Mail: <a href=\"mailto:info@tc-mauern.de\">info@tc-mauern.de<\/a> <br \/><a href=\"http:\/\/www.tc-mauern.de\/\" target=\"_blanke\">www.tc-mauern.de<\/a><\/p>\n<\/div>\n<\/li>\n<li>\n<h3>Vespa-Freunde Mauern<\/h3>\n<div>\n<p>Flachsstra\u00dfe 12 <br \/>85419 Mauern<\/p>\n<p>Tel. 08764 948421 <br \/><a href=\"https:\/\/www.vespa-veteranenclub.de\/\" target=\"_blanke\">www.vespa-veteranenclub.de<\/a><\/p>\n<\/div>\n<\/li>\n<\/ul>\n<p><!--more--><br \/>\n<!-- {\"name\":\"Seite\",\"type\":\"layout\",\"children\":[{\"type\":\"section\",\"props\":{\"image_position\":\"center-center\",\"padding\":\"small\",\"padding_remove_bottom\":true,\"style\":\"default\",\"title_breakpoint\":\"xl\",\"title_position\":\"top-left\",\"title_rotation\":\"left\",\"vertical_align\":\"\",\"width\":\"default\"},\"children\":[{\"type\":\"row\",\"children\":[{\"type\":\"column\",\"props\":{\"image_position\":\"center-center\",\"position_sticky_breakpoint\":\"m\"},\"children\":[{\"type\":\"breadcrumbs\",\"props\":{\"show_current\":true,\"show_home\":true}}]}]}]},{\"type\":\"section\",\"props\":{\"image_position\":\"center-center\",\"padding_remove_top\":false,\"style\":\"default\",\"title_breakpoint\":\"xl\",\"title_position\":\"top-left\",\"title_rotation\":\"left\",\"vertical_align\":\"\",\"width\":\"default\"},\"children\":[{\"type\":\"row\",\"children\":[{\"type\":\"column\",\"props\":{\"image_position\":\"center-center\",\"position_sticky_breakpoint\":\"m\"},\"children\":[{\"type\":\"headline\",\"props\":{\"content\":\"Leitfaden f\\u00fcr Vereinsfeiern\",\"link\":\"wp-content\\\/uploads\\\/sites\\\/2\\\/2024\\\/01\\\/Leitfaden-fuer-Vereinsfeiern-2024.pdf\",\"link_target\":true,\"title_element\":\"h1\",\"title_style\":\"heading-small\"}},{\"type\":\"headline\",\"props\":{\"content\":\"GEMA-Gratisticket f\\u00fcr Vereine\",\"title_element\":\"h1\",\"title_style\":\"heading-small\"}},{\"type\":\"text\",\"props\":{\"column_breakpoint\":\"m\",\"content\":\"\n\n<p>Der Freistaat Bayern \\u00fcbernimmt k\\u00fcnftig die GEMA-Geb\\u00fchren f\\u00fcr zwei Veranstaltungen pro Verein und pro Jahr.<\\\/p>\",\"margin\":\"default\"}},{\"type\":\"button\",\"props\":{\"grid_column_gap\":\"small\",\"grid_row_gap\":\"small\",\"margin\":\"default\"},\"children\":[{\"type\":\"button_item\",\"props\":{\"button_style\":\"default\",\"content\":\"N\\u00e4heres dar\\u00fcber erfahren Sie hier\",\"icon_align\":\"left\",\"link\":\"wp-content\\\/uploads\\\/sites\\\/2\\\/2023\\\/05\\\/GEMA-Gratisticket-fuer-Vereine.pdf\",\"link_target\":\"blank\"}}]},{\"type\":\"headline\",\"props\":{\"content\":\"Vereine\",\"title_element\":\"h1\",\"title_style\":\"heading-small\"}}]}]},{\"type\":\"row\",\"children\":[{\"type\":\"column\",\"props\":{\"image_position\":\"center-center\",\"position_sticky_breakpoint\":\"m\"},\"children\":[{\"type\":\"grid\",\"props\":{\"content_column_breakpoint\":\"m\",\"filter\":true,\"filter_align\":\"left\",\"filter_all\":true,\"filter_all_label\":\"Alle\",\"filter_grid_breakpoint\":\"m\",\"filter_grid_width\":\"auto\",\"filter_position\":\"top\",\"filter_style\":\"subnav-pill\",\"grid_default\":\"1\",\"grid_divider\":true,\"grid_medium\":\"3\",\"icon_width\":80,\"image_align\":\"top\",\"image_grid_breakpoint\":\"m\",\"image_grid_width\":\"1-2\",\"image_svg_color\":\"emphasis\",\"item_animation\":true,\"link_style\":\"default\",\"link_text\":\"Read more\",\"margin\":\"default\",\"meta_align\":\"below-title\",\"meta_element\":\"div\",\"meta_style\":\"text-meta\",\"parallax_easing\":\"1\",\"show_content\":true,\"show_image\":true,\"show_link\":true,\"show_meta\":true,\"show_title\":true,\"title_align\":\"top\",\"title_element\":\"h3\",\"title_grid_breakpoint\":\"m\",\"title_grid_width\":\"1-2\",\"title_hover_style\":\"reset\"},\"children\":[{\"type\":\"grid_item\",\"props\":{\"content\":\"\n\n<p>Am Eichenberg 16 <br \\\/>85419 Mauern<\\\/p>\\n\n\n<p>Tel. 08764 8222 <br \\\/>E-Mail: <a href=\\\"mailto:webmaster@altschuetzen-mauern.de.vu\\\">webmaster@altschuetzen-mauern.de.vu<\\\/a> <a href=\\\"https:\\\/\\\/www.altschuetzen-mauern.de\\\/\\\" target=\\\"_blanke\\\">www.altschuetzen-mauern.de<\\\/a><\\\/p>\",\"tags\":\"A\",\"title\":\"Altsch\\u00fctzen Mauern\"}},{\"type\":\"grid_item\",\"props\":{\"content\":\"\n\n<p>Am Sportpark 1 <br \\\/>85419 Mauern<\\\/p>\\n\n\n<p>Tel. 08764 948155\\u00a0 <br \\\/>E-Mail:<a href=\\\"mailto:info@feuerwehr-mauern.de\\\"> info@feuerwehr-mauern.de<\\\/a> <br \\\/><a href=\\\"https:\\\/\\\/www.feuerwehr-mauern.de\\\/startseite\\\/\\\" target=\\\"_blanke\\\">www.feuerwehr-mauern.de<\\\/a><\\\/p>\",\"tags\":\"F\",\"title\":\"FFW Mauern\"}},{\"type\":\"grid_item\",\"props\":{\"content\":\"\n\n<p>Bergstra\\u00dfe 1 (B\\u00fcrgerhaus)<br \\\/>85419 Mauern<\\\/p>\\n\n\n<p>E-Mail: <a href=\\\"mailto:gartenbauverein.mauern@freenet.de\\\">gartenbauverein.mauern@freenet.de <\\\/a><a href=\\\"http:\\\/\\\/www.gartenbauverein-mauern.de\\\/\\\" target=\\\"_blanke\\\">www.gartenbauverein-mauern.de<\\\/a><\\\/p>\",\"tags\":\"G\",\"title\":\"Gartenbauverein Mauern e.V. \"}},{\"type\":\"grid_item\",\"props\":{\"content\":\"\n\n<p>Vorsitzende:<br \\\/>Kerstin Huber und Andrea Karl<br \\\/>Am Eichenberg 49<br \\\/>85419 Mauern<\\\/p>\\n\n\n<p>Tel. 08764 948008<br \\\/>E-Mail: <a href=\\\"mailto:gymnastikgruppen-mauern@gmx.de\\\">gymnastikgruppen-mauern@gmx.de<\\\/a><\\\/p>\",\"tags\":\"S\",\"title\":\"Gymnastikgruppen Mauern e. V.\"}},{\"type\":\"grid_item\",\"props\":{\"content\":\"\n\n<p>1. Vorstand Daniel Vogel<br \\\/>Oberfeldring 19<br \\\/>85419 Mauern<\\\/p>\\n\n\n<p>E-Mail: <a href=\\\"mailto:mail@hankook-dojang.de\\\">mail@hankook-dojang.de<\\\/a><br \\\/><a href=\\\"http:\\\/\\\/www.hankook-dojang.de\\\">www.hankook-dojang.de<\\\/a><\\\/p>\\n\n\n<p><\\\/p>\",\"tags\":\"G\",\"title\":\"Han Kook Dojang of Self Defense e.V.\"}},{\"type\":\"grid_item\",\"props\":{\"content\":\"\n\n<p>Fabian Liebl<\\\/p>\\n\n\n<p>Stephanie Heckerl<br \\\/>Schwarzersdorf 13<br \\\/>85419 Mauern\\u00a0<br \\\/>E-Mail: <a href=\\\"mailto:stephanie.heckerl@gmx.de\\\">stephanie.heckerl@gmx.de<\\\/a><\\\/p>\",\"tags\":\"K\",\"title\":\"Katholische Jugend Mauern \"}},{\"type\":\"grid_item\",\"props\":{\"content\":\"\n\n<p>1. Vorstand Johann Igl<br \\\/>Am Eichenberg 30<br \\\/>85419 Mauern<\\\/p>\\n\n\n<p>Tel. 08764 949745<br \\\/>E-Mail: <a href=\\\"mailto:Fam.Igl@web.de\\\">Fam.Igl@web.de<\\\/a><br \\\/><br \\\/><\\\/p>\",\"tags\":\"K\",\"title\":\"Krieger- und Soldatenkameradschaft Mauern e.V. \"}},{\"type\":\"grid_item\",\"props\":{\"content\":\"\n\n<p>Tel. 08764 8253<\\\/p>\",\"tags\":\"N\",\"title\":\"Nachbarschaftshilfe\"}},{\"type\":\"grid_item\",\"props\":{\"content\":\"\n\n<p>Oberndorf 1 <br \\\/>85419 Mauern<\\\/p>\\n\n\n<p>E-Mail: <a href=\\\"mailto:praesident@narrhalla-mauern.de\\\">praesident@narrhalla-mauern.de<\\\/a> <a href=\\\"https:\\\/\\\/narrhalla-mauern.de\\\/\\\" target=\\\"_blanke\\\">www.narrhalla-mauern.de<\\\/a><\\\/p>\",\"tags\":\"N\",\"title\":\"Narrhalla\"}},{\"type\":\"grid_item\",\"props\":{\"content\":\"\n\n<p>Bergstra\\u00dfe 1 <br \\\/>85419 Mauern<\\\/p>\\n\n\n<p>Tel. 0179 4438414<\\\/p>\",\"tags\":\"S\",\"title\":\"Schnupper-Kindergarten\"}},{\"type\":\"grid_item\",\"props\":{\"content\":\"\n\n<p>Bergstra\\u00dfe 1 <br \\\/>85419 Mauern<\\\/p>\\n\n\n<p>Tel. 08764 920601\\u00a0<br \\\/>E-Mail: <a href=\\\"mailto:info@skiclub-mauern.de\\\">info@skiclub-mauern.de<\\\/a> <br \\\/><a href=\\\"https:\\\/\\\/skiclub-mauern.de\\\/\\\" target=\\\"_blanke\\\">www.skiclub-mauern.de<\\\/a><\\\/p>\",\"tags\":\"S\",\"title\":\"Ski-Club Mauern e.V. \"}},{\"type\":\"grid_item\",\"props\":{\"content\":\"\n\n<p>Alpersdorf 20 <br \\\/>85419 Mauern<\\\/p>\\n\n\n<p>Tel. 0151 23564344 <br \\\/>E-Mail: <a href=\\\"mailto:spvggmauern@gmail.com\\\">spvggmauern@gmail.com<\\\/a><br \\\/><a href=\\\"http:\\\/\\\/www.spvgg-mauern.de\\\/\\\" target=\\\"_blanke\\\">www.spvgg-mauern.de<\\\/a><\\\/p>\",\"tags\":\"S\",\"title\":\"SpVgg Mauern \"}},{\"type\":\"grid_item\",\"props\":{\"content\":\"\n\n<p>Alpersdorf 20<br \\\/>85419 Mauern<\\\/p>\\n\n\n<p>E-Mail: <a href=\\\"mailto:info@tc-mauern.de\\\">info@tc-mauern.de<\\\/a> <br \\\/><a href=\\\"http:\\\/\\\/www.tc-mauern.de\\\/\\\" target=\\\"_blanke\\\">www.tc-mauern.de<\\\/a><\\\/p>\",\"tags\":\"T\",\"title\":\"TC Mauern e.V.\"}},{\"type\":\"grid_item\",\"props\":{\"content\":\"\n\n<p>Flachsstra\\u00dfe 12 <br \\\/>85419 Mauern<\\\/p>\\n\n\n<p>Tel. 08764 948421 <br \\\/><a href=\\\"https:\\\/\\\/www.vespa-veteranenclub.de\\\/\\\" target=\\\"_blanke\\\">www.vespa-veteranenclub.de<\\\/a><\\\/p>\",\"tags\":\"V\",\"title\":\"Vespa-Freunde Mauern\"}}]}]}]}]}],\"version\":\"4.4.16\"} --><\/p>\n","protected":false},"excerpt":{"rendered":"<p>Leitfaden f\u00fcr Vereinsfeiern GEMA-Gratisticket f\u00fcr Vereine Der Freistaat Bayern \u00fcbernimmt k\u00fcnftig die GEMA-Geb\u00fchren f\u00fcr zwei Veranstaltungen pro Verein und pro Jahr. N\u00e4heres dar\u00fcber erfahren Sie hier Vereine Altsch\u00fctzen Mauern Am Eichenberg 16 85419 Mauern Tel. 08764 8222 E-Mail: webmaster@altschuetzen-mauern.de.vu www.altschuetzen-mauern.de FFW Mauern Am Sportpark 1 85419 Mauern Tel. 08764 948155\u00a0 E-Mail: info@feuerwehr-mauern.de www.feuerwehr-mauern.de Gartenbauverein Mauern [&hellip;]<\/p>\n","protected":false},"author":1,"featured_media":0,"parent":340,"menu_order":0,"comment_status":"closed","ping_status":"closed","template":"","meta":{"footnotes":""},"class_list":["post-233","page","type-page","status-publish","hentry"],"publishpress_future_action":{"enabled":false,"date":"2026-05-03 16:26:01","action":"change-status","newStatus":"draft","terms":[],"taxonomy":"","extraData":[]},"publishpress_future_workflow_manual_trigger":{"enabledWorkflows":[]},"_links":{"self":[{"href":"https:\/\/vg-mauern.de\/mauern\/wp-json\/wp\/v2\/pages\/233","targetHints":{"allow":["GET"]}}],"collection":[{"href":"https:\/\/vg-mauern.de\/mauern\/wp-json\/wp\/v2\/pages"}],"about":[{"href":"https:\/\/vg-mauern.de\/mauern\/wp-json\/wp\/v2\/types\/page"}],"author":[{"embeddable":true,"href":"https:\/\/vg-mauern.de\/mauern\/wp-json\/wp\/v2\/users\/1"}],"replies":[{"embeddable":true,"href":"https:\/\/vg-mauern.de\/mauern\/wp-json\/wp\/v2\/comments?post=233"}],"version-history":[{"count":10,"href":"https:\/\/vg-mauern.de\/mauern\/wp-json\/wp\/v2\/pages\/233\/revisions"}],"predecessor-version":[{"id":4382,"href":"https:\/\/vg-mauern.de\/mauern\/wp-json\/wp\/v2\/pages\/233\/revisions\/4382"}],"up":[{"embeddable":true,"href":"https:\/\/vg-mauern.de\/mauern\/wp-json\/wp\/v2\/pages\/340"}],"wp:attachment":[{"href":"https:\/\/vg-mauern.de\/mauern\/wp-json\/wp\/v2\/media?parent=233"}],"curies":[{"name":"wp","href":"https:\/\/api.w.org\/{rel}","templated":true}]}}