{"id":706,"date":"2022-03-17T09:20:31","date_gmt":"2022-03-17T08:20:31","guid":{"rendered":"https:\/\/demo.vg-mauern.de\/mauern\/?page_id=706"},"modified":"2022-03-17T09:24:56","modified_gmt":"2022-03-17T08:24:56","slug":"wanderwege","status":"publish","type":"page","link":"https:\/\/vg-mauern.de\/mauern\/freizeit-sport\/wanderwege\/","title":{"rendered":"Wanderwege"},"content":{"rendered":"<h1>Wanderwege<\/h1>\n<h2>Leichte Wanderungen und Spazierg\u00e4nge<\/h2>\n<div>\n<p>P\u00fcnktlich zum Fr\u00fchlingsbeginn bietet die Region Freising vielseitige Spazierg\u00e4nge und leichte Wanderungen zum Rausspazieren und Erholen. Die Rundtouren f\u00fchren fernab vom Trubel durch unterschiedliche Landschaften, urspr\u00fcngliche Natur, herrliche Waldgebiete, ruhige Naturschutz- und Erholungsgebiete sowie zu attraktiven Badeseen und kulturellen H\u00f6hepunkten. Typisch f\u00fcr alle <strong>&#8222;Rausspaziert!&#8220;<\/strong>-Touren sind ruhige Streckenverl\u00e4ufe, ausgewiesene Parkm\u00f6glichkeiten sowie Einkehrm\u00f6glichkeiten entlang der Strecke.<\/p>\n<\/div>\n<p>\n    <a href=\"https:\/\/www.tourismus-kreis-freising.de\/de\/erlebnisse\/wandern#cat=Wandern-main,Wanderung,Pilgerweg,Themenweg&#038;filter=r-fullyTranslatedLangus-,r-onlyOpened-,sb-sortedBy-0&#038;zc=8,11.62903,48.08854\">Mehr Informationen finden Sie hier<\/a>\n<\/p>\n<p><!--more--><br \/>\n<!-- {\"name\":\"breadcrumbs\",\"type\":\"layout\",\"children\":[{\"type\":\"section\",\"props\":{\"style\":\"default\",\"width\":\"default\",\"vertical_align\":\"middle\",\"title_position\":\"top-left\",\"title_rotation\":\"left\",\"title_breakpoint\":\"xl\",\"image_position\":\"center-center\",\"padding\":\"small\",\"padding_remove_bottom\":true},\"children\":[{\"type\":\"row\",\"children\":[{\"type\":\"column\",\"props\":{\"position_sticky_breakpoint\":\"m\",\"image_position\":\"center-center\",\"media_overlay_gradient\":\"\"},\"children\":[{\"type\":\"breadcrumbs\",\"props\":{\"show_home\":true,\"show_current\":true}}]}]}]},{\"type\":\"section\",\"props\":{\"style\":\"default\",\"width\":\"default\",\"vertical_align\":\"middle\",\"title_position\":\"top-left\",\"title_rotation\":\"left\",\"title_breakpoint\":\"xl\",\"image_position\":\"center-center\"},\"children\":[{\"type\":\"row\",\"children\":[{\"type\":\"column\",\"props\":{\"position_sticky_breakpoint\":\"m\",\"image_position\":\"center-center\",\"media_overlay_gradient\":\"\"},\"children\":[{\"type\":\"headline\",\"props\":{\"title_element\":\"h1\",\"content\":\"Wanderwege\",\"title_style\":\"heading-small\"}}]}]},{\"type\":\"row\",\"children\":[{\"type\":\"column\",\"props\":{\"position_sticky_breakpoint\":\"m\",\"image_position\":\"center-center\",\"media_overlay_gradient\":\"\"},\"children\":[{\"type\":\"headline\",\"props\":{\"title_element\":\"h2\",\"content\":\"Leichte Wanderungen und Spazierg\\u00e4nge\",\"title_color\":\"primary\"}},{\"type\":\"text\",\"props\":{\"margin\":\"default\",\"column_breakpoint\":\"m\",\"content\":\"\n\n<p>P\\u00fcnktlich zum Fr\\u00fchlingsbeginn bietet die Region Freising vielseitige Spazierg\\u00e4nge und leichte Wanderungen zum Rausspazieren und Erholen. Die Rundtouren f\\u00fchren fernab vom Trubel durch unterschiedliche Landschaften, urspr\\u00fcngliche Natur, herrliche Waldgebiete, ruhige Naturschutz- und Erholungsgebiete sowie zu attraktiven Badeseen und kulturellen H\\u00f6hepunkten. Typisch f\\u00fcr alle <strong>\\\"Rausspaziert!\\\"<\\\/strong>-Touren sind ruhige Streckenverl\\u00e4ufe, ausgewiesene Parkm\\u00f6glichkeiten sowie Einkehrm\\u00f6glichkeiten entlang der Strecke.<\\\/p>\"}},{\"type\":\"button\",\"props\":{\"grid_column_gap\":\"small\",\"grid_row_gap\":\"small\",\"margin\":\"default\"},\"children\":[{\"type\":\"button_item\",\"props\":{\"button_style\":\"primary\",\"icon_align\":\"left\",\"link\":\"https:\\\/\\\/www.tourismus-kreis-freising.de\\\/de\\\/erlebnisse\\\/wandern#cat=Wandern-main,Wanderung,Pilgerweg,Themenweg&filter=r-fullyTranslatedLangus-,r-onlyOpened-,sb-sortedBy-0&zc=8,11.62903,48.08854\",\"link_target\":\"blank\",\"icon\":\"arrow-right\",\"content\":\"Mehr Informationen finden Sie hier\"}}]}]}]}]}],\"version\":\"2.7.20\"} --><\/p>\n","protected":false},"excerpt":{"rendered":"<p>Wanderwege Leichte Wanderungen und Spazierg\u00e4nge P\u00fcnktlich zum Fr\u00fchlingsbeginn bietet die Region Freising vielseitige Spazierg\u00e4nge und leichte Wanderungen zum Rausspazieren und Erholen. Die Rundtouren f\u00fchren fernab vom Trubel durch unterschiedliche Landschaften, urspr\u00fcngliche Natur, herrliche Waldgebiete, ruhige Naturschutz- und Erholungsgebiete sowie zu attraktiven Badeseen und kulturellen H\u00f6hepunkten. Typisch f\u00fcr alle &#8222;Rausspaziert!&#8220;-Touren sind ruhige Streckenverl\u00e4ufe, ausgewiesene Parkm\u00f6glichkeiten sowie [&hellip;]<\/p>\n","protected":false},"author":1,"featured_media":0,"parent":340,"menu_order":0,"comment_status":"closed","ping_status":"closed","template":"","meta":{"footnotes":""},"class_list":["post-706","page","type-page","status-publish","hentry"],"publishpress_future_action":{"enabled":false,"date":"2026-04-17 12:51:14","action":"change-status","newStatus":"draft","terms":[],"taxonomy":"","extraData":[]},"publishpress_future_workflow_manual_trigger":{"enabledWorkflows":[]},"_links":{"self":[{"href":"https:\/\/vg-mauern.de\/mauern\/wp-json\/wp\/v2\/pages\/706","targetHints":{"allow":["GET"]}}],"collection":[{"href":"https:\/\/vg-mauern.de\/mauern\/wp-json\/wp\/v2\/pages"}],"about":[{"href":"https:\/\/vg-mauern.de\/mauern\/wp-json\/wp\/v2\/types\/page"}],"author":[{"embeddable":true,"href":"https:\/\/vg-mauern.de\/mauern\/wp-json\/wp\/v2\/users\/1"}],"replies":[{"embeddable":true,"href":"https:\/\/vg-mauern.de\/mauern\/wp-json\/wp\/v2\/comments?post=706"}],"version-history":[{"count":4,"href":"https:\/\/vg-mauern.de\/mauern\/wp-json\/wp\/v2\/pages\/706\/revisions"}],"predecessor-version":[{"id":711,"href":"https:\/\/vg-mauern.de\/mauern\/wp-json\/wp\/v2\/pages\/706\/revisions\/711"}],"up":[{"embeddable":true,"href":"https:\/\/vg-mauern.de\/mauern\/wp-json\/wp\/v2\/pages\/340"}],"wp:attachment":[{"href":"https:\/\/vg-mauern.de\/mauern\/wp-json\/wp\/v2\/media?parent=706"}],"curies":[{"name":"wp","href":"https:\/\/api.w.org\/{rel}","templated":true}]}}