{"id":1164,"date":"2022-12-01T14:26:23","date_gmt":"2022-12-01T13:26:23","guid":{"rendered":"https:\/\/demo.vg-mauern.de\/wang\/?page_id=1164"},"modified":"2022-12-01T14:30:50","modified_gmt":"2022-12-01T13:30:50","slug":"uebersetzung-buch-sustainable-energy-without-the-hot-air","status":"publish","type":"page","link":"https:\/\/vg-mauern.de\/wang\/buergerservice\/energie-umwelt\/uebersetzung-buch-sustainable-energy-without-the-hot-air\/","title":{"rendered":"\u00dcbersetzung Buch: &#8222;Sustainable Energy \u2013 without the hot air&#8220;"},"content":{"rendered":"<h1>\n<p class=\"uk-article-title\">\u00dcbersetzung Buch: &#8222;Sustainable Energy \u2013 without the hot air&#8220;<\/p>\n<\/h1>\n<div>\n<p>In seinem Buch <strong><a href=\"http:\/\/www.withouthotair.com\/\" target=\"_blank\" rel=\"noopener\">&#8222;Sustainable Energy &#8211; without the hot air&#8220;<\/a><\/strong> stellt der englische Physiker David MacKay sehr anschaulich und verst\u00e4ndlich den gegenw\u00e4rtigen Stand der Forschung und Technik im Bereich der erneuerbaren Energien zusammen. Dieses Buch sollte Standardlekt\u00fcre f\u00fcr jeden sein, der sich mit heutiger Energiepolitik auseinandersetzt. Der Energiebeauftragte unserer Gemeinde, Dr. Thomas F. Kerscher, hat dieses Buch ins Deutsche \u00fcbersetzt und hier zum freien Download zur Verf\u00fcgung gestellt. <\/p>\n<\/div>\n<div>\n<p><a href=\"\/wang\/wp-content\/uploads\/sites\/3\/2022\/12\/nachhaltige_energiegewinnung.pdf\"><\/p>\n<p>Die Gesamtausgabe kann hier heruntergeladen werden.<\/p>\n<p><\/a><\/p>\n<\/div>\n<p><!--more--><br \/>\n<!-- {\"type\":\"layout\",\"children\":[{\"type\":\"section\",\"props\":{\"image_position\":\"center-center\",\"style\":\"default\",\"title_breakpoint\":\"xl\",\"title_position\":\"top-left\",\"title_rotation\":\"left\",\"vertical_align\":\"middle\",\"width\":\"default\"},\"children\":[{\"type\":\"row\",\"children\":[{\"type\":\"column\",\"props\":{\"image_position\":\"center-center\",\"media_overlay_gradient\":\"\",\"position_sticky_breakpoint\":\"m\"},\"children\":[{\"type\":\"headline\",\"props\":{\"content\":\"\n\n<p class=\\\"uk-article-title\\\">\\u00dcbersetzung Buch: \\\"Sustainable Energy \\u2013 without the hot air\\\"<\\\/p>\",\"title_element\":\"h1\"}},{\"type\":\"text\",\"props\":{\"column_breakpoint\":\"m\",\"content\":\"\n\n<p>In seinem Buch <strong><a href=\\\"http:\\\/\\\/www.withouthotair.com\\\/\\\" target=\\\"_blank\\\" rel=\\\"noopener\\\">\\\"Sustainable Energy - without the hot air\\\"<\\\/a><\\\/strong> stellt der englische Physiker David MacKay sehr anschaulich und verst\\u00e4ndlich den gegenw\\u00e4rtigen Stand der Forschung und Technik im Bereich der erneuerbaren Energien zusammen. Dieses Buch sollte Standardlekt\\u00fcre f\\u00fcr jeden sein, der sich mit heutiger Energiepolitik auseinandersetzt. Der Energiebeauftragte unserer Gemeinde, Dr. Thomas F. Kerscher, hat dieses Buch ins Deutsche \\u00fcbersetzt und hier zum freien Download zur Verf\\u00fcgung gestellt. <\\\/p>\",\"margin\":\"default\"}}]}]},{\"type\":\"row\",\"children\":[{\"type\":\"column\",\"props\":{\"image_position\":\"center-center\",\"media_overlay_gradient\":\"\",\"position_sticky_breakpoint\":\"m\"},\"children\":[{\"type\":\"list\",\"props\":{\"column_breakpoint\":\"m\",\"image_align\":\"left\",\"image_svg_color\":\"emphasis\",\"image_vertical_align\":true,\"list_element\":\"ul\",\"list_horizontal_separator\":\", \",\"list_type\":\"vertical\",\"show_image\":true,\"show_link\":true},\"children\":[{\"type\":\"list_item\",\"props\":{\"content\":\"\n\n<p>Die Gesamtausgabe kann hier heruntergeladen werden.<\\\/p>\",\"icon\":\"file-pdf\",\"link\":\"wp-content\\\/uploads\\\/sites\\\/3\\\/2022\\\/12\\\/nachhaltige_energiegewinnung.pdf\",\"link_target\":true}}]}]}]}]}],\"version\":\"3.0.14\"} --><\/p>\n","protected":false},"excerpt":{"rendered":"<p>\u00dcbersetzung Buch: &#8222;Sustainable Energy \u2013 without the hot air&#8220; In seinem Buch &#8222;Sustainable Energy &#8211; without the hot air&#8220; stellt der englische Physiker David MacKay sehr anschaulich und verst\u00e4ndlich den gegenw\u00e4rtigen Stand der Forschung und Technik im Bereich der erneuerbaren Energien zusammen. Dieses Buch sollte Standardlekt\u00fcre f\u00fcr jeden sein, der sich mit heutiger Energiepolitik auseinandersetzt. [&hellip;]<\/p>\n","protected":false},"author":1,"featured_media":0,"parent":1075,"menu_order":0,"comment_status":"closed","ping_status":"closed","template":"","meta":{"footnotes":""},"class_list":["post-1164","page","type-page","status-publish","hentry"],"publishpress_future_action":{"enabled":false,"date":"2026-04-15 12:30:26","action":"change-status","newStatus":"draft","terms":[],"taxonomy":"","extraData":[]},"publishpress_future_workflow_manual_trigger":{"enabledWorkflows":[]},"_links":{"self":[{"href":"https:\/\/vg-mauern.de\/wang\/wp-json\/wp\/v2\/pages\/1164","targetHints":{"allow":["GET"]}}],"collection":[{"href":"https:\/\/vg-mauern.de\/wang\/wp-json\/wp\/v2\/pages"}],"about":[{"href":"https:\/\/vg-mauern.de\/wang\/wp-json\/wp\/v2\/types\/page"}],"author":[{"embeddable":true,"href":"https:\/\/vg-mauern.de\/wang\/wp-json\/wp\/v2\/users\/1"}],"replies":[{"embeddable":true,"href":"https:\/\/vg-mauern.de\/wang\/wp-json\/wp\/v2\/comments?post=1164"}],"version-history":[{"count":5,"href":"https:\/\/vg-mauern.de\/wang\/wp-json\/wp\/v2\/pages\/1164\/revisions"}],"predecessor-version":[{"id":1170,"href":"https:\/\/vg-mauern.de\/wang\/wp-json\/wp\/v2\/pages\/1164\/revisions\/1170"}],"up":[{"embeddable":true,"href":"https:\/\/vg-mauern.de\/wang\/wp-json\/wp\/v2\/pages\/1075"}],"wp:attachment":[{"href":"https:\/\/vg-mauern.de\/wang\/wp-json\/wp\/v2\/media?parent=1164"}],"curies":[{"name":"wp","href":"https:\/\/api.w.org\/{rel}","templated":true}]}}