{"id":1471,"date":"2023-01-09T09:38:17","date_gmt":"2023-01-09T08:38:17","guid":{"rendered":"https:\/\/demo.vg-mauern.de\/wang\/?page_id=1471"},"modified":"2023-01-09T09:45:28","modified_gmt":"2023-01-09T08:45:28","slug":"spielplaetze","status":"publish","type":"page","link":"https:\/\/vg-mauern.de\/wang\/freizeit-und-sport\/spielplaetze\/","title":{"rendered":"Spielpl\u00e4tze"},"content":{"rendered":"<h1>\n<p class=\"uk-article-title\">Spielpl\u00e4tze<\/p>\n<\/h1>\n<div>\n<p>In der Gemeinde Wang befinden sich folgende Sport und Spielpl\u00e4tze:<\/p>\n<\/div>\n<ul>\n<li>\n<div>\n<p>Zwei Sportpl\u00e4tze in Wang an der Tulpenstra\u00dfe, Betreiber FC Wang<\/p>\n<\/div>\n<\/li>\n<li>\n<div>\n<p>Sportplatz in Bergen, Betreiber SV Bergen<\/p>\n<\/div>\n<\/li>\n<li>\n<div>\n<p>Bolzplatz beim Kindergarten in Wang, Schlo\u00dfbreiten<\/p>\n<\/div>\n<\/li>\n<li>\n<div>\n<p>Biker Park beim Kindergarten in Wang, Schlo\u00dfbreiten<\/p>\n<\/div>\n<\/li>\n<li>\n<div>\n<p>Spiel- und Bolzplatz in der Volkmannsdorferau, Fichtenstra\u00dfe N\u00e4he Sch\u00fctzenheim Auer Elch<\/p>\n<\/div>\n<\/li>\n<li>\n<div>\n<p>Spielplatz in Bergen am Sportheim<\/p>\n<\/div>\n<\/li>\n<li>\n<div>\n<p>Spielplatz in Sixthaselbach<\/p>\n<\/div>\n<\/li>\n<li>\n<div>\n<p>Spielplatz bei der Einfahrt Wang, Schlo\u00dfbreiten<\/p>\n<\/div>\n<\/li>\n<li>\n<div>\n<p>Spielplatz in Volkmannsdorf, Am Kirchfeld<\/p>\n<\/div>\n<\/li>\n<\/ul>\n<hr>\n<div>\n<p><a href=\"\/wang\/wp-content\/uploads\/sites\/3\/2023\/01\/Liste_Spielpltze_Wang_mit_Fotos.pdf\"><\/p>\n<p>Liste der Spielpl\u00e4tze in der Gemeinde Wang mit Fotos.<\/p>\n<p><\/a><\/p>\n<\/div>\n<p><!--more--><br \/>\n<!-- {\"type\":\"layout\",\"children\":[{\"type\":\"section\",\"props\":{\"image_position\":\"center-center\",\"padding\":\"small\",\"padding_remove_bottom\":true,\"style\":\"default\",\"title_breakpoint\":\"xl\",\"title_position\":\"top-left\",\"title_rotation\":\"left\",\"vertical_align\":\"middle\",\"width\":\"default\"},\"children\":[{\"type\":\"row\",\"children\":[{\"type\":\"column\",\"props\":{\"image_position\":\"center-center\",\"media_overlay_gradient\":\"\",\"position_sticky_breakpoint\":\"m\",\"width_medium\":\"1-1\"},\"children\":[{\"type\":\"breadcrumbs\",\"props\":{\"show_current\":true,\"show_home\":true}}]}]}]},{\"type\":\"section\",\"props\":{\"image_position\":\"center-center\",\"padding\":\"xsmall\",\"padding_remove_top\":false,\"style\":\"default\",\"title_breakpoint\":\"xl\",\"title_position\":\"top-left\",\"title_rotation\":\"left\",\"vertical_align\":\"middle\",\"width\":\"default\"},\"children\":[{\"type\":\"row\",\"children\":[{\"type\":\"column\",\"props\":{\"image_position\":\"center-center\",\"media_overlay_gradient\":\"\",\"position_sticky_breakpoint\":\"m\"},\"children\":[{\"type\":\"headline\",\"props\":{\"content\":\"\n\n<p class=\\\"uk-article-title\\\">Spielpl\\u00e4tze<\\\/p>\",\"margin\":\"large\",\"margin_remove_bottom\":true,\"title_element\":\"h1\"},\"name\":\"\\u00dcberschrift\"},{\"type\":\"text\",\"props\":{\"column_breakpoint\":\"m\",\"content\":\"\n\n<p>In der Gemeinde Wang befinden sich folgende Sport und Spielpl\\u00e4tze:<\\\/p>\",\"margin\":\"default\"}},{\"type\":\"list\",\"props\":{\"column\":\"1-2\",\"column_breakpoint\":\"m\",\"image_align\":\"left\",\"image_svg_color\":\"emphasis\",\"image_vertical_align\":true,\"list_element\":\"ul\",\"list_horizontal_separator\":\", \",\"list_marker\":\"disc\",\"list_type\":\"vertical\",\"show_image\":true,\"show_link\":true},\"children\":[{\"type\":\"list_item\",\"props\":{\"content\":\"\n\n<p>Zwei Sportpl\\u00e4tze in Wang an der Tulpenstra\\u00dfe, Betreiber FC Wang<\\\/p>\"}},{\"type\":\"list_item\",\"props\":{\"content\":\"\n\n<p>Sportplatz in Bergen, Betreiber SV Bergen<\\\/p>\"}},{\"type\":\"list_item\",\"props\":{\"content\":\"\n\n<p>Bolzplatz beim Kindergarten in Wang, Schlo\\u00dfbreiten<\\\/p>\"}},{\"type\":\"list_item\",\"props\":{\"content\":\"\n\n<p>Biker Park beim Kindergarten in Wang, Schlo\\u00dfbreiten<\\\/p>\"}},{\"type\":\"list_item\",\"props\":{\"content\":\"\n\n<p>Spiel- und Bolzplatz in der Volkmannsdorferau, Fichtenstra\\u00dfe N\\u00e4he Sch\\u00fctzenheim Auer Elch<\\\/p>\"}},{\"type\":\"list_item\",\"props\":{\"content\":\"\n\n<p>Spielplatz in Bergen am Sportheim<\\\/p>\"}},{\"type\":\"list_item\",\"props\":{\"content\":\"\n\n<p>Spielplatz in Sixthaselbach<\\\/p>\"}},{\"type\":\"list_item\",\"props\":{\"content\":\"\n\n<p>Spielplatz bei der Einfahrt Wang, Schlo\\u00dfbreiten<\\\/p>\"}},{\"type\":\"list_item\",\"props\":{\"content\":\"\n\n<p>Spielplatz in Volkmannsdorf, Am Kirchfeld<\\\/p>\"}}]},{\"type\":\"divider\",\"props\":{\"divider_element\":\"hr\"}},{\"type\":\"list\",\"props\":{\"column\":\"1-2\",\"column_breakpoint\":\"m\",\"image_align\":\"left\",\"image_svg_color\":\"emphasis\",\"image_vertical_align\":true,\"list_element\":\"ul\",\"list_horizontal_separator\":\", \",\"list_marker\":\"\",\"list_type\":\"vertical\",\"show_image\":true,\"show_link\":true},\"children\":[{\"type\":\"list_item\",\"props\":{\"content\":\"\n\n<p>Liste der Spielpl\\u00e4tze in der Gemeinde Wang mit Fotos.<\\\/p>\",\"icon\":\"file-pdf\",\"link\":\"wp-content\\\/uploads\\\/sites\\\/3\\\/2023\\\/01\\\/Liste_Spielpltze_Wang_mit_Fotos.pdf\",\"link_target\":true}}]}]}]}],\"name\":\"Beitragsinhalt\"}],\"version\":\"3.0.14\"} --><\/p>\n","protected":false},"excerpt":{"rendered":"<p>Spielpl\u00e4tze In der Gemeinde Wang befinden sich folgende Sport und Spielpl\u00e4tze: Zwei Sportpl\u00e4tze in Wang an der Tulpenstra\u00dfe, Betreiber FC Wang Sportplatz in Bergen, Betreiber SV Bergen Bolzplatz beim Kindergarten in Wang, Schlo\u00dfbreiten Biker Park beim Kindergarten in Wang, Schlo\u00dfbreiten Spiel- und Bolzplatz in der Volkmannsdorferau, Fichtenstra\u00dfe N\u00e4he Sch\u00fctzenheim Auer Elch Spielplatz in Bergen am [&hellip;]<\/p>\n","protected":false},"author":1,"featured_media":0,"parent":698,"menu_order":0,"comment_status":"closed","ping_status":"closed","template":"","meta":{"footnotes":""},"class_list":["post-1471","page","type-page","status-publish","hentry"],"publishpress_future_action":{"enabled":false,"date":"2026-04-21 14:40:39","action":"change-status","newStatus":"draft","terms":[],"taxonomy":"","extraData":[]},"publishpress_future_workflow_manual_trigger":{"enabledWorkflows":[]},"_links":{"self":[{"href":"https:\/\/vg-mauern.de\/wang\/wp-json\/wp\/v2\/pages\/1471","targetHints":{"allow":["GET"]}}],"collection":[{"href":"https:\/\/vg-mauern.de\/wang\/wp-json\/wp\/v2\/pages"}],"about":[{"href":"https:\/\/vg-mauern.de\/wang\/wp-json\/wp\/v2\/types\/page"}],"author":[{"embeddable":true,"href":"https:\/\/vg-mauern.de\/wang\/wp-json\/wp\/v2\/users\/1"}],"replies":[{"embeddable":true,"href":"https:\/\/vg-mauern.de\/wang\/wp-json\/wp\/v2\/comments?post=1471"}],"version-history":[{"count":7,"href":"https:\/\/vg-mauern.de\/wang\/wp-json\/wp\/v2\/pages\/1471\/revisions"}],"predecessor-version":[{"id":1479,"href":"https:\/\/vg-mauern.de\/wang\/wp-json\/wp\/v2\/pages\/1471\/revisions\/1479"}],"up":[{"embeddable":true,"href":"https:\/\/vg-mauern.de\/wang\/wp-json\/wp\/v2\/pages\/698"}],"wp:attachment":[{"href":"https:\/\/vg-mauern.de\/wang\/wp-json\/wp\/v2\/media?parent=1471"}],"curies":[{"name":"wp","href":"https:\/\/api.w.org\/{rel}","templated":true}]}}