{"id":2892,"date":"2024-10-08T08:21:47","date_gmt":"2024-10-08T06:21:47","guid":{"rendered":"https:\/\/vg-mauern.de\/wang\/?page_id=2892"},"modified":"2025-11-10T18:12:33","modified_gmt":"2025-11-10T17:12:33","slug":"energie","status":"publish","type":"page","link":"https:\/\/vg-mauern.de\/wang\/gemeinde\/energie\/","title":{"rendered":"Energie"},"content":{"rendered":"<h1>\n<p class=\"uk-article-title\">Energie<\/p>\n<\/h1>\n<h1>\n<p><span>Nationale Klimaschutzinitiative<\/span><\/p>\n<\/h1>\n<div>\n<p>Mit der Nationalen Klimaschutzinitiative initiiert und f\u00f6rdert die Bundesregierung seit 2008 zahlreiche Projekte, die einen Beitrag zur Senkung der Treibhausgasemissionen leisten. Ihre Programme und Projekte decken ein breites Spektrum an Klimaschutzaktivit\u00e4ten ab: Von der Entwicklung langfristiger Strategien bis hin zu konkreten Hilfestellungen und investiven F\u00f6rderma\u00dfnahmen. Diese Vielfalt ist Garant f\u00fcr gute Ideen. Die Nationale Klimaschutzinitiative tr\u00e4gt zu einer Verankerung des Klimaschutzes vor Ort bei. Von ihr profitieren Verbraucherinnen und Verbraucher ebenso wie Unternehmen, Kommunen oder Bildungseinrichtungen.<\/p>\n<p>&#8211; Umr\u00fcstung der Stra\u00dfenbeleuchtung auf LED \u2013 Gemeinde Wang<\/p>\n<p>&#8211; Laufzeit Vorhaben: 2025<\/p>\n<p>&#8211; Beteiligten Partnern: SWM M\u00fcnchen, Bayernwerk Netz<\/p>\n<p>&#8211; F\u00f6rderkennzeichen: 67K26409<\/p>\n<p>&#8211; Durch die Umr\u00fcstung auf LED-Beleuchtung spart die Gemeinde Wang 85 % ihres bisherigen Strombedarfs und leistet so einen Beitrag zum Klimaschutz<\/p>\n<p><a href=\"http:\/\/www.klimaschutz.de\/kommunalrichtlinie\">www.klimaschutz.de\/kommunalrichtlinie<\/a><\/p>\n<\/div>\n<p><img decoding=\"async\" src=\"\/wang\/wp-content\/uploads\/sites\/3\/2025\/11\/BMUKN_NKI_gefoerdert_GRB_DE_2025_quer@4x-100.jpg\" alt=\"\"><\/p>\n<p><!--more--><br \/>\n<!-- {\"type\":\"layout\",\"children\":[{\"type\":\"section\",\"props\":{\"image_position\":\"center-center\",\"padding\":\"small\",\"padding_remove_bottom\":true,\"style\":\"default\",\"title_breakpoint\":\"xl\",\"title_position\":\"top-left\",\"title_rotation\":\"left\",\"vertical_align\":\"\",\"width\":\"default\"},\"children\":[{\"type\":\"row\",\"children\":[{\"type\":\"column\",\"props\":{\"image_position\":\"center-center\",\"position_sticky_breakpoint\":\"m\",\"width_medium\":\"1-1\"},\"children\":[{\"type\":\"breadcrumbs\",\"props\":{\"show_current\":true,\"show_home\":true}}]}]}]},{\"type\":\"section\",\"props\":{\"image_position\":\"center-center\",\"padding\":\"xsmall\",\"padding_remove_top\":false,\"style\":\"default\",\"title_breakpoint\":\"xl\",\"title_position\":\"top-left\",\"title_rotation\":\"left\",\"vertical_align\":\"\",\"width\":\"default\"},\"children\":[{\"type\":\"row\",\"children\":[{\"type\":\"column\",\"props\":{\"image_position\":\"center-center\",\"position_sticky_breakpoint\":\"m\"},\"children\":[{\"type\":\"headline\",\"props\":{\"content\":\"\n\n<p class=\\\"uk-article-title\\\">Energie<\\\/p>\",\"margin\":\"large\",\"margin_remove_bottom\":true,\"title_element\":\"h1\"},\"name\":\"\\u00dcberschrift\"},{\"type\":\"headline\",\"props\":{\"content\":\"\n\n<p><span>Nationale Klimaschutzinitiative<\\\/span><\\\/p>\",\"margin\":\"remove-vertical\",\"title_color\":\"primary\",\"title_element\":\"h1\",\"title_style\":\"h3\"},\"name\":\"Unter\\u00fcberschrift\"}]}]},{\"type\":\"row\",\"props\":{\"divider\":true,\"layout\":\"3-5,2-5\",\"margin_remove_top\":true},\"children\":[{\"type\":\"column\",\"props\":{\"image_position\":\"center-center\",\"position_sticky_breakpoint\":\"m\",\"width_medium\":\"3-5\"},\"children\":[{\"type\":\"text\",\"props\":{\"column_breakpoint\":\"m\",\"content\":\"\n\n<p>Mit der Nationalen Klimaschutzinitiative initiiert und f\\u00f6rdert die Bundesregierung seit 2008 zahlreiche Projekte, die einen Beitrag zur Senkung der Treibhausgasemissionen leisten. Ihre Programme und Projekte decken ein breites Spektrum an Klimaschutzaktivit\\u00e4ten ab: Von der Entwicklung langfristiger Strategien bis hin zu konkreten Hilfestellungen und investiven F\\u00f6rderma\\u00dfnahmen. Diese Vielfalt ist Garant f\\u00fcr gute Ideen. Die Nationale Klimaschutzinitiative tr\\u00e4gt zu einer Verankerung des Klimaschutzes vor Ort bei. Von ihr profitieren Verbraucherinnen und Verbraucher ebenso wie Unternehmen, Kommunen oder Bildungseinrichtungen.<\\\/p>\\n\n\n<p>- Umr\\u00fcstung der Stra\\u00dfenbeleuchtung auf LED \\u2013 Gemeinde Wang<\\\/p>\\n\n\n<p>- Laufzeit Vorhaben: 2025<\\\/p>\\n\n\n<p>- Beteiligten Partnern: SWM M\\u00fcnchen, Bayernwerk Netz<\\\/p>\\n\n\n<p>- F\\u00f6rderkennzeichen: 67K26409<\\\/p>\\n\n\n<p>- Durch die Umr\\u00fcstung auf LED-Beleuchtung spart die Gemeinde Wang 85 % ihres bisherigen Strombedarfs und leistet so einen Beitrag zum Klimaschutz<\\\/p>\\n\n\n<p><a href=\\\"http:\\\/\\\/www.klimaschutz.de\\\/kommunalrichtlinie\\\">www.klimaschutz.de\\\/kommunalrichtlinie<\\\/a><\\\/p>\",\"margin\":\"default\"}}]},{\"type\":\"column\",\"props\":{\"image_position\":\"center-center\",\"position_sticky_breakpoint\":\"m\",\"width_medium\":\"2-5\"},\"children\":[{\"type\":\"image\",\"props\":{\"image\":\"wp-content\\\/uploads\\\/sites\\\/3\\\/2025\\\/11\\\/BMUKN_NKI_gefoerdert_GRB_DE_2025_quer@4x-100.jpg\",\"image_svg_color\":\"emphasis\",\"image_width\":\"400\",\"margin\":\"default\"}}]}]}],\"name\":\"Beitragsinhalt\"}],\"version\":\"4.4.16\"} --><\/p>\n","protected":false},"excerpt":{"rendered":"<p>Energie Nationale Klimaschutzinitiative Mit der Nationalen Klimaschutzinitiative initiiert und f\u00f6rdert die Bundesregierung seit 2008 zahlreiche Projekte, die einen Beitrag zur Senkung der Treibhausgasemissionen leisten. Ihre Programme und Projekte decken ein breites Spektrum an Klimaschutzaktivit\u00e4ten ab: Von der Entwicklung langfristiger Strategien bis hin zu konkreten Hilfestellungen und investiven F\u00f6rderma\u00dfnahmen. Diese Vielfalt ist Garant f\u00fcr gute Ideen. [&hellip;]<\/p>\n","protected":false},"author":1,"featured_media":0,"parent":159,"menu_order":0,"comment_status":"closed","ping_status":"closed","template":"","meta":{"footnotes":""},"class_list":["post-2892","page","type-page","status-publish","hentry"],"publishpress_future_action":{"enabled":false,"date":"2026-05-08 02:13:11","action":"change-status","newStatus":"draft","terms":[],"taxonomy":"","extraData":[]},"publishpress_future_workflow_manual_trigger":{"enabledWorkflows":[]},"_links":{"self":[{"href":"https:\/\/vg-mauern.de\/wang\/wp-json\/wp\/v2\/pages\/2892","targetHints":{"allow":["GET"]}}],"collection":[{"href":"https:\/\/vg-mauern.de\/wang\/wp-json\/wp\/v2\/pages"}],"about":[{"href":"https:\/\/vg-mauern.de\/wang\/wp-json\/wp\/v2\/types\/page"}],"author":[{"embeddable":true,"href":"https:\/\/vg-mauern.de\/wang\/wp-json\/wp\/v2\/users\/1"}],"replies":[{"embeddable":true,"href":"https:\/\/vg-mauern.de\/wang\/wp-json\/wp\/v2\/comments?post=2892"}],"version-history":[{"count":10,"href":"https:\/\/vg-mauern.de\/wang\/wp-json\/wp\/v2\/pages\/2892\/revisions"}],"predecessor-version":[{"id":3521,"href":"https:\/\/vg-mauern.de\/wang\/wp-json\/wp\/v2\/pages\/2892\/revisions\/3521"}],"up":[{"embeddable":true,"href":"https:\/\/vg-mauern.de\/wang\/wp-json\/wp\/v2\/pages\/159"}],"wp:attachment":[{"href":"https:\/\/vg-mauern.de\/wang\/wp-json\/wp\/v2\/media?parent=2892"}],"curies":[{"name":"wp","href":"https:\/\/api.w.org\/{rel}","templated":true}]}}

<h1>
<p class="uk-article-title">Energie</p>
</h1>
<h1>
<p><span>Nationale Klimaschutzinitiative</span></p>
</h1>
<div>
<p>Mit der Nationalen Klimaschutzinitiative initiiert und fördert die Bundesregierung seit 2008 zahlreiche Projekte, die einen Beitrag zur Senkung der Treibhausgasemissionen leisten. Ihre Programme und Projekte decken ein breites Spektrum an Klimaschutzaktivitäten ab: Von der Entwicklung langfristiger Strategien bis hin zu konkreten Hilfestellungen und investiven Fördermaßnahmen. Diese Vielfalt ist Garant für gute Ideen. Die Nationale Klimaschutzinitiative trägt zu einer Verankerung des Klimaschutzes vor Ort bei. Von ihr profitieren Verbraucherinnen und Verbraucher ebenso wie Unternehmen, Kommunen oder Bildungseinrichtungen.</p>
<p>&#8211; Umrüstung der Straßenbeleuchtung auf LED – Gemeinde Wang</p>
<p>&#8211; Laufzeit Vorhaben: 2025</p>
<p>&#8211; Beteiligten Partnern: SWM München, Bayernwerk Netz</p>
<p>&#8211; Förderkennzeichen: 67K26409</p>
<p>&#8211; Durch die Umrüstung auf LED-Beleuchtung spart die Gemeinde Wang 85 % ihres bisherigen Strombedarfs und leistet so einen Beitrag zum Klimaschutz</p>
<p><a href="http://www.klimaschutz.de/kommunalrichtlinie">www.klimaschutz.de/kommunalrichtlinie</a></p>
</div>
<p><img decoding="async" src="/wang/wp-content/uploads/sites/3/2025/11/BMUKN_NKI_gefoerdert_GRB_DE_2025_quer@4x-100.jpg" alt=""></p>
<p><!--more--><br />
<!-- {"type":"layout","children":[{"type":"section","props":{"image_position":"center-center","padding":"small","padding_remove_bottom":true,"style":"default","title_breakpoint":"xl","title_position":"top-left","title_rotation":"left","vertical_align":"","width":"default"},"children":[{"type":"row","children":[{"type":"column","props":{"image_position":"center-center","position_sticky_breakpoint":"m","width_medium":"1-1"},"children":[{"type":"breadcrumbs","props":{"show_current":true,"show_home":true}}]}]}]},{"type":"section","props":{"image_position":"center-center","padding":"xsmall","padding_remove_top":false,"style":"default","title_breakpoint":"xl","title_position":"top-left","title_rotation":"left","vertical_align":"","width":"default"},"children":[{"type":"row","children":[{"type":"column","props":{"image_position":"center-center","position_sticky_breakpoint":"m"},"children":[{"type":"headline","props":{"content":"

<p class=\"uk-article-title\">Energie<\/p>","margin":"large","margin_remove_bottom":true,"title_element":"h1"},"name":"\u00dcberschrift"},{"type":"headline","props":{"content":"

<p><span>Nationale Klimaschutzinitiative<\/span><\/p>","margin":"remove-vertical","title_color":"primary","title_element":"h1","title_style":"h3"},"name":"Unter\u00fcberschrift"}]}]},{"type":"row","props":{"divider":true,"layout":"3-5,2-5","margin_remove_top":true},"children":[{"type":"column","props":{"image_position":"center-center","position_sticky_breakpoint":"m","width_medium":"3-5"},"children":[{"type":"text","props":{"column_breakpoint":"m","content":"

<p>Mit der Nationalen Klimaschutzinitiative initiiert und f\u00f6rdert die Bundesregierung seit 2008 zahlreiche Projekte, die einen Beitrag zur Senkung der Treibhausgasemissionen leisten. Ihre Programme und Projekte decken ein breites Spektrum an Klimaschutzaktivit\u00e4ten ab: Von der Entwicklung langfristiger Strategien bis hin zu konkreten Hilfestellungen und investiven F\u00f6rderma\u00dfnahmen. Diese Vielfalt ist Garant f\u00fcr gute Ideen. Die Nationale Klimaschutzinitiative tr\u00e4gt zu einer Verankerung des Klimaschutzes vor Ort bei. Von ihr profitieren Verbraucherinnen und Verbraucher ebenso wie Unternehmen, Kommunen oder Bildungseinrichtungen.<\/p>\n

<p>- Umr\u00fcstung der Stra\u00dfenbeleuchtung auf LED \u2013 Gemeinde Wang<\/p>\n

<p>- Laufzeit Vorhaben: 2025<\/p>\n

<p>- Beteiligten Partnern: SWM M\u00fcnchen, Bayernwerk Netz<\/p>\n

<p>- F\u00f6rderkennzeichen: 67K26409<\/p>\n

<p>- Durch die Umr\u00fcstung auf LED-Beleuchtung spart die Gemeinde Wang 85 % ihres bisherigen Strombedarfs und leistet so einen Beitrag zum Klimaschutz<\/p>\n

<p><a href=\"http:\/\/www.klimaschutz.de\/kommunalrichtlinie\">www.klimaschutz.de\/kommunalrichtlinie<\/a><\/p>","margin":"default"}}]},{"type":"column","props":{"image_position":"center-center","position_sticky_breakpoint":"m","width_medium":"2-5"},"children":[{"type":"image","props":{"image":"wp-content\/uploads\/sites\/3\/2025\/11\/BMUKN_NKI_gefoerdert_GRB_DE_2025_quer@4x-100.jpg","image_svg_color":"emphasis","image_width":"400","margin":"default"}}]}]}],"name":"Beitragsinhalt"}],"version":"4.4.16"} --></p>

<p>Energie Nationale Klimaschutzinitiative Mit der Nationalen Klimaschutzinitiative initiiert und fördert die Bundesregierung seit 2008 zahlreiche Projekte, die einen Beitrag zur Senkung der Treibhausgasemissionen leisten. Ihre Programme und Projekte decken ein breites Spektrum an Klimaschutzaktivitäten ab: Von der Entwicklung langfristiger Strategien bis hin zu konkreten Hilfestellungen und investiven Fördermaßnahmen. Diese Vielfalt ist Garant für gute Ideen. [&hellip;]</p>
