{"id":706,"date":"2022-03-24T17:01:02","date_gmt":"2022-03-24T16:01:02","guid":{"rendered":"https:\/\/demo.vg-mauern.de\/wang\/?page_id=706"},"modified":"2026-01-12T11:58:20","modified_gmt":"2026-01-12T10:58:20","slug":"jugend","status":"publish","type":"page","link":"https:\/\/vg-mauern.de\/wang\/freizeit-und-sport\/jugend\/","title":{"rendered":"Jugend"},"content":{"rendered":"<h1>Mobile Elternbegleitung in der Verwaltungsgemeinschaft Mauern<\/h1>\n<div>\n<div class=\"uk-panel uk-margin\">\n<p>Elmo ist das Infomobil des Kreisbildungswerks, konkret des Zentrums der Familie, mit dem wir die Mobile Elternbegleitung im Landkreis Freising realisieren. Es ist eine Art fahrbares B\u00fcro. Hintergrund ist, dass die Elternbegleitung ganz niederschwellig arbeiten m\u00f6chte, sprich H\u00fcrden abbauen will, sodass M\u00fctter und V\u00e4ter einfach und unkompliziert mit uns in Kontakt treten k\u00f6nnen. Ziel ist es, den Familien Wege und M\u00f6glichkeiten aufzuzeigen, Kontakte zu vermitteln und Hilfestellung zu leisten, um den Kindern einen f\u00fcr sie optimalen Bildungsweg zu er\u00f6ffnen.<\/p>\n<p>Jeden Dienstag, 09:30 bis 11:30 Uhr, au\u00dfer in den Ferien und an Feiertagen<\/p>\n<\/div>\n<\/div>\n<p>\n    <a href=\"\/wang\/wp-content\/uploads\/sites\/3\/2026\/01\/Mobile-Elternbegleitung-Januar-bis-April-2026.pdf\">Die genauen Termine finden Sie hier<\/a>\n<\/p>\n<h1>Jugend<\/h1>\n<div>\n<p>Jugendbeauftragter: Josef G\u00f6tz in Zusammenarbeit mit Frau Christine Lutz von der Verwaltungsgemeinschaft Mauern.<\/p>\n<\/div>\n<div>Link-Liste f\u00fcr Jugendliche<\/div>\n<ul>\n<li>\n<p><a href=\"https:\/\/www.kjr-freising.de\/\">Kreis Jugendring Freising<\/a><\/p>\n<\/li>\n<li>\n<div>\n<p><a href=\"\/wang\/wp-content\/uploads\/sites\/3\/2022\/03\/knuff_2014.pdf\" target=\"_blanke\">Natur und Freizeitf\u00fchrer KNUFF<\/a> \u2013 Stand 2014<\/p>\n<\/div>\n<\/li>\n<\/ul>\n<p><!--more--><br \/>\n<!-- {\"type\":\"layout\",\"children\":[{\"type\":\"section\",\"props\":{\"image_position\":\"center-center\",\"padding\":\"small\",\"padding_remove_bottom\":true,\"style\":\"default\",\"title_breakpoint\":\"xl\",\"title_position\":\"top-left\",\"title_rotation\":\"left\",\"vertical_align\":\"\",\"width\":\"default\"},\"children\":[{\"type\":\"row\",\"children\":[{\"type\":\"column\",\"props\":{\"image_position\":\"center-center\",\"position_sticky_breakpoint\":\"m\"},\"children\":[{\"type\":\"breadcrumbs\",\"props\":{\"show_current\":true,\"show_home\":true}}]}]}]},{\"type\":\"section\",\"props\":{\"image_position\":\"center-center\",\"style\":\"default\",\"title_breakpoint\":\"xl\",\"title_position\":\"top-left\",\"title_rotation\":\"left\",\"vertical_align\":\"\",\"width\":\"default\"},\"children\":[{\"type\":\"row\",\"children\":[{\"type\":\"column\",\"props\":{\"image_position\":\"center-center\",\"position_sticky_breakpoint\":\"m\"},\"children\":[{\"type\":\"headline\",\"props\":{\"content\":\"Stille-Inseln im Familienalltag\",\"status\":\"disabled\",\"title_element\":\"h1\",\"title_style\":\"heading-small\"}},{\"type\":\"text\",\"props\":{\"column_breakpoint\":\"m\",\"content\":\"\n\n<p>Ein Verw\\u00f6hnnachmittag f\\u00fcr Eltern mit Kindern.<\\\/p>\",\"margin\":\"default\",\"status\":\"disabled\"}},{\"type\":\"button\",\"props\":{\"grid_column_gap\":\"small\",\"grid_row_gap\":\"small\",\"margin\":\"default\",\"status\":\"disabled\"},\"children\":[{\"type\":\"button_item\",\"props\":{\"button_style\":\"default\",\"content\":\"N\\u00e4heres dar\\u00fcber erfahren Sie hier\",\"icon_align\":\"left\",\"link\":\"wp-content\\\/uploads\\\/sites\\\/3\\\/2025\\\/03\\\/StilleInseln.pdf\",\"link_target\":\"blank\"}}]},{\"type\":\"headline\",\"props\":{\"content\":\"Mobile Elternbegleitung in der Verwaltungsgemeinschaft Mauern\",\"title_element\":\"h1\",\"title_style\":\"heading-small\"}},{\"type\":\"text\",\"props\":{\"column_breakpoint\":\"m\",\"content\":\"\n\n<div class=\\\"uk-panel uk-margin\\\">\\n\n\n<p>Elmo ist das Infomobil des Kreisbildungswerks, konkret des Zentrums der Familie, mit dem wir die Mobile Elternbegleitung im Landkreis Freising realisieren. Es ist eine Art fahrbares B\\u00fcro. Hintergrund ist, dass die Elternbegleitung ganz niederschwellig arbeiten m\\u00f6chte, sprich H\\u00fcrden abbauen will, sodass M\\u00fctter und V\\u00e4ter einfach und unkompliziert mit uns in Kontakt treten k\\u00f6nnen. Ziel ist es, den Familien Wege und M\\u00f6glichkeiten aufzuzeigen, Kontakte zu vermitteln und Hilfestellung zu leisten, um den Kindern einen f\\u00fcr sie optimalen Bildungsweg zu er\\u00f6ffnen.<\\\/p>\\n\n\n<p>Jeden Dienstag, 09:30 bis 11:30 Uhr, au\\u00dfer in den Ferien und an Feiertagen<\\\/p>\\n<\\\/div>\",\"margin\":\"default\"}},{\"type\":\"button\",\"props\":{\"grid_column_gap\":\"small\",\"grid_row_gap\":\"small\",\"margin\":\"default\"},\"children\":[{\"type\":\"button_item\",\"props\":{\"button_style\":\"default\",\"content\":\"Die genauen Termine finden Sie hier\",\"icon_align\":\"left\",\"link\":\"wp-content\\\/uploads\\\/sites\\\/3\\\/2026\\\/01\\\/Mobile-Elternbegleitung-Januar-bis-April-2026.pdf\",\"link_target\":\"blank\"}}]},{\"type\":\"headline\",\"props\":{\"content\":\"Jugend\",\"title_element\":\"h1\",\"title_style\":\"heading-small\"}},{\"type\":\"text\",\"props\":{\"column_breakpoint\":\"m\",\"content\":\"\n\n<p>Jugendbeauftragter: Josef G\\u00f6tz in Zusammenarbeit mit Frau Christine Lutz von der Verwaltungsgemeinschaft Mauern.<\\\/p>\",\"margin\":\"default\"}},{\"type\":\"text\",\"props\":{\"column_breakpoint\":\"m\",\"content\":\"Link-Liste f\\u00fcr Jugendliche\",\"margin\":\"default\"}}]}]},{\"type\":\"row\",\"children\":[{\"type\":\"column\",\"props\":{\"image_position\":\"center-center\",\"position_sticky_breakpoint\":\"m\"},\"children\":[{\"type\":\"list\",\"props\":{\"column_breakpoint\":\"m\",\"icon\":\"arrow-right\",\"icon_color\":\"primary\",\"image_align\":\"left\",\"image_svg_color\":\"emphasis\",\"image_vertical_align\":false,\"list_element\":\"ul\",\"list_horizontal_separator\":\", \",\"list_style\":\"divider\",\"list_type\":\"vertical\",\"show_image\":true,\"show_link\":true},\"children\":[{\"type\":\"list_item\",\"props\":{\"content\":\"Kreis Jugendring Freising\",\"link\":\"https:\\\/\\\/www.kjr-freising.de\\\/\",\"link_target\":true}},{\"type\":\"list_item\",\"props\":{\"content\":\"\n\n<p><a href=\\\"wp-content\\\/uploads\\\/sites\\\/3\\\/2022\\\/03\\\/knuff_2014.pdf\\\" target=\\\"_blanke\\\">Natur und Freizeitf\\u00fchrer KNUFF<\\\/a> \\u2013 Stand 2014<\\\/p>\"}}]}]}]}]}],\"version\":\"4.4.16\"} --><\/p>\n","protected":false},"excerpt":{"rendered":"<p>Mobile Elternbegleitung in der Verwaltungsgemeinschaft Mauern Elmo ist das Infomobil des Kreisbildungswerks, konkret des Zentrums der Familie, mit dem wir die Mobile Elternbegleitung im Landkreis Freising realisieren. Es ist eine Art fahrbares B\u00fcro. Hintergrund ist, dass die Elternbegleitung ganz niederschwellig arbeiten m\u00f6chte, sprich H\u00fcrden abbauen will, sodass M\u00fctter und V\u00e4ter einfach und unkompliziert mit uns [&hellip;]<\/p>\n","protected":false},"author":1,"featured_media":0,"parent":698,"menu_order":0,"comment_status":"closed","ping_status":"closed","template":"","meta":{"footnotes":""},"class_list":["post-706","page","type-page","status-publish","hentry"],"publishpress_future_action":{"enabled":false,"date":"2026-04-17 15:46:22","action":"change-status","newStatus":"draft","terms":[],"taxonomy":"","extraData":[]},"publishpress_future_workflow_manual_trigger":{"enabledWorkflows":[]},"_links":{"self":[{"href":"https:\/\/vg-mauern.de\/wang\/wp-json\/wp\/v2\/pages\/706","targetHints":{"allow":["GET"]}}],"collection":[{"href":"https:\/\/vg-mauern.de\/wang\/wp-json\/wp\/v2\/pages"}],"about":[{"href":"https:\/\/vg-mauern.de\/wang\/wp-json\/wp\/v2\/types\/page"}],"author":[{"embeddable":true,"href":"https:\/\/vg-mauern.de\/wang\/wp-json\/wp\/v2\/users\/1"}],"replies":[{"embeddable":true,"href":"https:\/\/vg-mauern.de\/wang\/wp-json\/wp\/v2\/comments?post=706"}],"version-history":[{"count":10,"href":"https:\/\/vg-mauern.de\/wang\/wp-json\/wp\/v2\/pages\/706\/revisions"}],"predecessor-version":[{"id":3650,"href":"https:\/\/vg-mauern.de\/wang\/wp-json\/wp\/v2\/pages\/706\/revisions\/3650"}],"up":[{"embeddable":true,"href":"https:\/\/vg-mauern.de\/wang\/wp-json\/wp\/v2\/pages\/698"}],"wp:attachment":[{"href":"https:\/\/vg-mauern.de\/wang\/wp-json\/wp\/v2\/media?parent=706"}],"curies":[{"name":"wp","href":"https:\/\/api.w.org\/{rel}","templated":true}]}}