{"id":84,"date":"2022-03-23T15:25:31","date_gmt":"2022-03-23T14:25:31","guid":{"rendered":"https:\/\/demo.vg-mauern.de\/wang\/?page_id=84"},"modified":"2024-05-21T12:56:40","modified_gmt":"2024-05-21T10:56:40","slug":"bauleitplaene-rechtsverbindlich","status":"publish","type":"page","link":"https:\/\/vg-mauern.de\/wang\/bauland\/bauleitplaene-rechtsverbindlich\/","title":{"rendered":"Bauleitpl\u00e4ne rechtsverbindlich"},"content":{"rendered":"<h1>Fl\u00e4chennutzungspl\u00e4ne<\/h1>\n<div>\n<p>Konzentrationszonen Windkraft II<\/p>\n<\/div>\n<ul>\n<li>\n<p><a href=\"\/wang\/wp-content\/uploads\/sites\/3\/2024\/05\/1-14.-Aenderung-FNP-klein.pdf\"><\/p>\n<p>1) 14. \u00c4nderung Fl\u00e4chennutzungsplan<\/p>\n<p><\/a><\/p>\n<\/li>\n<li>\n<p><a href=\"\/wang\/wp-content\/uploads\/sites\/3\/2024\/05\/2-Pruefung-Artenschutz.pdf\"><\/p>\n<p>2) Pr\u00fcfung Artenschutz<\/p>\n<p><\/a><\/p>\n<\/li>\n<\/ul>\n<h1>Bauleitpl\u00e4ne rechtsverbindlich<\/h1>\n<div>\n<p>WICHTIGER HINWEIS:<\/p>\n<p>Alle rechtskr\u00e4ftigen Bebauungspl\u00e4ne finden Sie auf der Seite des Landkreises Freising. <br \/>Digitales Planarchiv Landratsamt Freising<\/p>\n<p><a href=\"http:\/\/www.karten.kreis-freising.de\/\" target=\"_blank\" rel=\"noopener\">http:\/\/www.karten.kreis-freising.de\/<\/a><\/p>\n<p>F\u00fcr die hier zur Verf\u00fcgung gestellten Download-Dokumente besteht keine Rechtsverbindlichkeit!<\/p>\n<p>Die Originalpl\u00e4ne mit Begr\u00fcndung k\u00f6nnen Sie w\u00e4hrend der \u00fcblichen Gesch\u00e4ftszeiten im Bauamt einsehen.<\/p>\n<\/div>\n<p><!--more--><br \/>\n<!-- {\"name\":\"Bauleitpl\\u00e4ne rechtsverbindlich\",\"type\":\"layout\",\"children\":[{\"type\":\"section\",\"props\":{\"image_position\":\"center-center\",\"padding\":\"small\",\"padding_remove_bottom\":true,\"style\":\"default\",\"title_breakpoint\":\"xl\",\"title_position\":\"top-left\",\"title_rotation\":\"left\",\"vertical_align\":\"middle\",\"width\":\"default\"},\"children\":[{\"type\":\"row\",\"children\":[{\"type\":\"column\",\"props\":{\"image_position\":\"center-center\",\"position_sticky_breakpoint\":\"m\"},\"children\":[{\"type\":\"breadcrumbs\",\"props\":{\"show_current\":true,\"show_home\":true}}]}]}]},{\"type\":\"section\",\"props\":{\"image_position\":\"center-center\",\"style\":\"default\",\"title_breakpoint\":\"xl\",\"title_position\":\"top-left\",\"title_rotation\":\"left\",\"vertical_align\":\"middle\",\"width\":\"default\"},\"children\":[{\"type\":\"row\",\"children\":[{\"type\":\"column\",\"props\":{\"image_position\":\"center-center\",\"position_sticky_breakpoint\":\"m\"},\"children\":[{\"type\":\"headline\",\"props\":{\"content\":\"Fl\\u00e4chennutzungspl\\u00e4ne\",\"title_element\":\"h1\",\"title_style\":\"heading-small\"}},{\"type\":\"text\",\"props\":{\"column_breakpoint\":\"m\",\"content\":\"\n\n<p>Konzentrationszonen Windkraft II<\\\/p>\",\"margin\":\"default\"}},{\"type\":\"list\",\"props\":{\"column_breakpoint\":\"m\",\"image_align\":\"left\",\"image_svg_color\":\"emphasis\",\"image_vertical_align\":true,\"list_element\":\"ul\",\"list_horizontal_separator\":\", \",\"list_type\":\"vertical\",\"show_image\":true,\"show_link\":true},\"children\":[{\"type\":\"list_item\",\"props\":{\"content\":\"\n\n<p>1) 14. \\u00c4nderung Fl\\u00e4chennutzungsplan<\\\/p>\",\"link\":\"wp-content\\\/uploads\\\/sites\\\/3\\\/2024\\\/05\\\/1-14.-Aenderung-FNP-klein.pdf\",\"link_target\":true}},{\"type\":\"list_item\",\"props\":{\"content\":\"\n\n<p>2) Pr\\u00fcfung Artenschutz<\\\/p>\",\"link\":\"wp-content\\\/uploads\\\/sites\\\/3\\\/2024\\\/05\\\/2-Pruefung-Artenschutz.pdf\",\"link_target\":true}}]},{\"type\":\"headline\",\"props\":{\"content\":\"Bauleitpl\\u00e4ne rechtsverbindlich\",\"title_element\":\"h1\",\"title_style\":\"heading-small\"}},{\"type\":\"text\",\"props\":{\"column_breakpoint\":\"m\",\"content\":\"\n\n<p>WICHTIGER HINWEIS:<\\\/p>\\n\n\n<p>Alle rechtskr\\u00e4ftigen Bebauungspl\\u00e4ne finden Sie auf der Seite des Landkreises Freising. <br \\\/>Digitales Planarchiv Landratsamt Freising<\\\/p>\\n\n\n<p><a href=\\\"http:\\\/\\\/www.karten.kreis-freising.de\\\/\\\" target=\\\"_blank\\\" rel=\\\"noopener\\\">http:\\\/\\\/www.karten.kreis-freising.de\\\/<\\\/a><\\\/p>\\n\n\n<p>F\\u00fcr die hier zur Verf\\u00fcgung gestellten Download-Dokumente besteht keine Rechtsverbindlichkeit!<\\\/p>\\n\n\n<p>Die Originalpl\\u00e4ne mit Begr\\u00fcndung k\\u00f6nnen Sie w\\u00e4hrend der \\u00fcblichen Gesch\\u00e4ftszeiten im Bauamt einsehen.<\\\/p>\",\"margin\":\"default\"}}]}]},{\"type\":\"row\",\"children\":[{\"type\":\"column\",\"props\":{\"image_position\":\"center-center\",\"position_sticky_breakpoint\":\"m\"}}]}]}],\"version\":\"4.3.13\"} --><\/p>\n","protected":false},"excerpt":{"rendered":"<p>Fl\u00e4chennutzungspl\u00e4ne Konzentrationszonen Windkraft II 1) 14. \u00c4nderung Fl\u00e4chennutzungsplan 2) Pr\u00fcfung Artenschutz Bauleitpl\u00e4ne rechtsverbindlich WICHTIGER HINWEIS: Alle rechtskr\u00e4ftigen Bebauungspl\u00e4ne finden Sie auf der Seite des Landkreises Freising. Digitales Planarchiv Landratsamt Freising http:\/\/www.karten.kreis-freising.de\/ F\u00fcr die hier zur Verf\u00fcgung gestellten Download-Dokumente besteht keine Rechtsverbindlichkeit! Die Originalpl\u00e4ne mit Begr\u00fcndung k\u00f6nnen Sie w\u00e4hrend der \u00fcblichen Gesch\u00e4ftszeiten im Bauamt einsehen.<\/p>\n","protected":false},"author":1,"featured_media":0,"parent":76,"menu_order":0,"comment_status":"closed","ping_status":"closed","template":"","meta":{"footnotes":""},"class_list":["post-84","page","type-page","status-publish","hentry"],"publishpress_future_action":{"enabled":false,"date":"2026-05-08 17:30:05","action":"change-status","newStatus":"draft","terms":[],"taxonomy":"","extraData":[]},"publishpress_future_workflow_manual_trigger":{"enabledWorkflows":[]},"_links":{"self":[{"href":"https:\/\/vg-mauern.de\/wang\/wp-json\/wp\/v2\/pages\/84","targetHints":{"allow":["GET"]}}],"collection":[{"href":"https:\/\/vg-mauern.de\/wang\/wp-json\/wp\/v2\/pages"}],"about":[{"href":"https:\/\/vg-mauern.de\/wang\/wp-json\/wp\/v2\/types\/page"}],"author":[{"embeddable":true,"href":"https:\/\/vg-mauern.de\/wang\/wp-json\/wp\/v2\/users\/1"}],"replies":[{"embeddable":true,"href":"https:\/\/vg-mauern.de\/wang\/wp-json\/wp\/v2\/comments?post=84"}],"version-history":[{"count":22,"href":"https:\/\/vg-mauern.de\/wang\/wp-json\/wp\/v2\/pages\/84\/revisions"}],"predecessor-version":[{"id":2666,"href":"https:\/\/vg-mauern.de\/wang\/wp-json\/wp\/v2\/pages\/84\/revisions\/2666"}],"up":[{"embeddable":true,"href":"https:\/\/vg-mauern.de\/wang\/wp-json\/wp\/v2\/pages\/76"}],"wp:attachment":[{"href":"https:\/\/vg-mauern.de\/wang\/wp-json\/wp\/v2\/media?parent=84"}],"curies":[{"name":"wp","href":"https:\/\/api.w.org\/{rel}","templated":true}]}}

Bauleitpläne rechtsverbindlich

<h1>Flächennutzungspläne</h1>
<div>
<p>Konzentrationszonen Windkraft II</p>
</div>
<ul>
<li>
<p><a href="/wang/wp-content/uploads/sites/3/2024/05/1-14.-Aenderung-FNP-klein.pdf"></p>
<p>1) 14. Änderung Flächennutzungsplan</p>
<p></a></p>
</li>
<li>
<p><a href="/wang/wp-content/uploads/sites/3/2024/05/2-Pruefung-Artenschutz.pdf"></p>
<p>2) Prüfung Artenschutz</p>
<p></a></p>
</li>
</ul>
<h1>Bauleitpläne rechtsverbindlich</h1>
<div>
<p>WICHTIGER HINWEIS:</p>
<p>Alle rechtskräftigen Bebauungspläne finden Sie auf der Seite des Landkreises Freising. <br />Digitales Planarchiv Landratsamt Freising</p>
<p><a href="http://www.karten.kreis-freising.de/" target="_blank" rel="noopener">http://www.karten.kreis-freising.de/</a></p>
<p>Für die hier zur Verfügung gestellten Download-Dokumente besteht keine Rechtsverbindlichkeit!</p>
<p>Die Originalpläne mit Begründung können Sie während der üblichen Geschäftszeiten im Bauamt einsehen.</p>
</div>
<p><!--more--><br />
<!-- {"name":"Bauleitpl\u00e4ne rechtsverbindlich","type":"layout","children":[{"type":"section","props":{"image_position":"center-center","padding":"small","padding_remove_bottom":true,"style":"default","title_breakpoint":"xl","title_position":"top-left","title_rotation":"left","vertical_align":"middle","width":"default"},"children":[{"type":"row","children":[{"type":"column","props":{"image_position":"center-center","position_sticky_breakpoint":"m"},"children":[{"type":"breadcrumbs","props":{"show_current":true,"show_home":true}}]}]}]},{"type":"section","props":{"image_position":"center-center","style":"default","title_breakpoint":"xl","title_position":"top-left","title_rotation":"left","vertical_align":"middle","width":"default"},"children":[{"type":"row","children":[{"type":"column","props":{"image_position":"center-center","position_sticky_breakpoint":"m"},"children":[{"type":"headline","props":{"content":"Fl\u00e4chennutzungspl\u00e4ne","title_element":"h1","title_style":"heading-small"}},{"type":"text","props":{"column_breakpoint":"m","content":"

<p>Konzentrationszonen Windkraft II<\/p>","margin":"default"}},{"type":"list","props":{"column_breakpoint":"m","image_align":"left","image_svg_color":"emphasis","image_vertical_align":true,"list_element":"ul","list_horizontal_separator":", ","list_type":"vertical","show_image":true,"show_link":true},"children":[{"type":"list_item","props":{"content":"

<p>1) 14. \u00c4nderung Fl\u00e4chennutzungsplan<\/p>","link":"wp-content\/uploads\/sites\/3\/2024\/05\/1-14.-Aenderung-FNP-klein.pdf","link_target":true}},{"type":"list_item","props":{"content":"

<p>2) Pr\u00fcfung Artenschutz<\/p>","link":"wp-content\/uploads\/sites\/3\/2024\/05\/2-Pruefung-Artenschutz.pdf","link_target":true}}]},{"type":"headline","props":{"content":"Bauleitpl\u00e4ne rechtsverbindlich","title_element":"h1","title_style":"heading-small"}},{"type":"text","props":{"column_breakpoint":"m","content":"

<p>WICHTIGER HINWEIS:<\/p>\n

<p>Alle rechtskr\u00e4ftigen Bebauungspl\u00e4ne finden Sie auf der Seite des Landkreises Freising. <br \/>Digitales Planarchiv Landratsamt Freising<\/p>\n

<p><a href=\"http:\/\/www.karten.kreis-freising.de\/\" target=\"_blank\" rel=\"noopener\">http:\/\/www.karten.kreis-freising.de\/<\/a><\/p>\n

<p>F\u00fcr die hier zur Verf\u00fcgung gestellten Download-Dokumente besteht keine Rechtsverbindlichkeit!<\/p>\n

<p>Die Originalpl\u00e4ne mit Begr\u00fcndung k\u00f6nnen Sie w\u00e4hrend der \u00fcblichen Gesch\u00e4ftszeiten im Bauamt einsehen.<\/p>","margin":"default"}}]}]},{"type":"row","children":[{"type":"column","props":{"image_position":"center-center","position_sticky_breakpoint":"m"}}]}]}],"version":"4.3.13"} --></p>

<p>Flächennutzungspläne Konzentrationszonen Windkraft II 1) 14. Änderung Flächennutzungsplan 2) Prüfung Artenschutz Bauleitpläne rechtsverbindlich WICHTIGER HINWEIS: Alle rechtskräftigen Bebauungspläne finden Sie auf der Seite des Landkreises Freising. Digitales Planarchiv Landratsamt Freising http://www.karten.kreis-freising.de/ Für die hier zur Verfügung gestellten Download-Dokumente besteht keine Rechtsverbindlichkeit! Die Originalpläne mit Begründung können Sie während der üblichen Geschäftszeiten im Bauamt einsehen.</p>
